-- https://www.phpmyadmin.net/
--
-- Tempo de geração: 25-Mar-2021 às 19:31
-- Versão do servidor: 10.4.18-MariaDB
-- versão do PHP: 8.0.3

START TRANSACTION;



--
-- Banco de dados: `actours_cardapio`
--

-- --------------------------------------------------------

--
-- Estrutura da tabela `adms_cads_usuarios`
--

CREATE TABLE `adms_cads_usuarios` (
  `id` int(11) NOT NULL,
  `env_email_conf` int(11) NOT NULL,
  `adms_niveis_acesso_id` int(11) NOT NULL,
  `adms_sits_usuario_id` int(11) NOT NULL,
  `created` datetime NOT NULL,
  `modified` datetime DEFAULT NULL
) ENGINE=MyISAM DEFAULT CHARSET=utf8 COLLATE=utf8_unicode_ci;

--
-- Extraindo dados da tabela `adms_cads_usuarios`
--

INSERT INTO `adms_cads_usuarios` (`id`, `env_email_conf`, `adms_niveis_acesso_id`, `adms_sits_usuario_id`, `created`, `modified`) VALUES
(1, 1, 5, 3, '2018-05-23 00:00:00', '2018-05-03 00:15:41');

-- --------------------------------------------------------

--
-- Estrutura da tabela `adms_cors`
--

CREATE TABLE `adms_cors` (
  `id` int(11) NOT NULL,
  `nome` varchar(40) COLLATE utf8_unicode_ci NOT NULL,
  `cor` varchar(40) COLLATE utf8_unicode_ci NOT NULL,
  `created` datetime NOT NULL,
  `modified` datetime DEFAULT NULL
) ENGINE=MyISAM DEFAULT CHARSET=utf8 COLLATE=utf8_unicode_ci;

--
-- Extraindo dados da tabela `adms_cors`
--

INSERT INTO `adms_cors` (`id`, `nome`, `cor`, `created`, `modified`) VALUES
(1, 'Azul', 'primary', '2018-03-23 00:00:00', NULL),
(2, 'Cinza', 'secondary', '2018-03-23 00:00:00', NULL),
(3, 'Verde', 'success', '2018-03-23 00:00:00', NULL),
(4, 'Vermelho', 'danger', '2018-03-23 00:00:00', NULL),
(5, 'Laranjado', 'warning', '2018-03-23 00:00:00', NULL),
(6, 'Azul claro', 'info', '2018-03-23 00:00:00', NULL),
(7, 'Claro', 'light', '2018-03-23 00:00:00', NULL),
(8, 'Cinza escuro', 'dark', '2018-03-23 00:00:00', NULL);

-- --------------------------------------------------------

--
-- Estrutura da tabela `adms_grps_pgs`
--

CREATE TABLE `adms_grps_pgs` (
  `id` int(11) NOT NULL,
  `nome` varchar(40) COLLATE utf8_unicode_ci NOT NULL,
  `ordem` int(11) NOT NULL,
  `created` datetime NOT NULL,
  `modified` datetime DEFAULT NULL
) ENGINE=MyISAM DEFAULT CHARSET=utf8 COLLATE=utf8_unicode_ci;

--
-- Extraindo dados da tabela `adms_grps_pgs`
--

INSERT INTO `adms_grps_pgs` (`id`, `nome`, `ordem`, `created`, `modified`) VALUES
(1, 'Listar', 1, '2018-03-23 00:00:00', NULL),
(2, 'Cadastrar', 2, '2018-03-23 00:00:00', NULL),
(3, 'Editar', 3, '2018-03-23 00:00:00', NULL),
(4, 'Apagar', 4, '2018-03-23 00:00:00', NULL),
(5, 'Visualizar', 5, '2018-03-23 00:00:00', NULL),
(6, 'Outros', 6, '2018-03-23 00:00:00', NULL),
(7, 'Acesso', 7, '2018-03-23 00:00:00', NULL);

-- --------------------------------------------------------

--
-- Estrutura da tabela `adms_menus`
--

CREATE TABLE `adms_menus` (
  `id` int(11) NOT NULL,
  `nome` varchar(220) COLLATE utf8_unicode_ci NOT NULL,
  `icone` varchar(40) COLLATE utf8_unicode_ci NOT NULL,
  `ordem` int(11) NOT NULL,
  `adms_sit_id` int(11) NOT NULL,
  `created` datetime NOT NULL,
  `modified` datetime DEFAULT NULL
) ENGINE=MyISAM DEFAULT CHARSET=utf8 COLLATE=utf8_unicode_ci;

--
-- Extraindo dados da tabela `adms_menus`
--

INSERT INTO `adms_menus` (`id`, `nome`, `icone`, `ordem`, `adms_sit_id`, `created`, `modified`) VALUES
(1, 'Dashboard', 'fas fa-tachometer-alt', 1, 1, '2018-03-23 00:00:00', '2018-04-04 12:51:12'),
(2, 'Usuario', 'fas fa-user', 2, 1, '2018-03-23 00:00:00', '2018-04-12 12:21:49'),
(3, 'Menu', 'fas fa-list-ul', 3, 1, '2018-03-23 00:00:00', '2018-04-12 12:21:49'),
(4, 'Sair', 'fas fa-sign-out-alt', 8, 1, '2018-03-23 00:00:00', '2021-03-24 20:12:44'),
(5, 'Configurações', 'fas fa-cogs', 7, 1, '2018-05-01 16:54:42', '2021-03-24 20:12:47'),
(6, 'Site', 'fas fa-laptop', 6, 1, '2018-05-06 12:28:25', '2021-03-24 20:12:50'),
(7, 'Produtos', 'fas fa-adjust', 4, 1, '2021-03-24 11:19:46', '2021-03-24 20:12:56'),
(8, 'Categorias', 'fas fa-life-ring', 5, 1, '2021-03-24 20:03:24', '2021-03-24 20:12:56');

-- --------------------------------------------------------

--
-- Estrutura da tabela `adms_nivacs_pgs`
--

CREATE TABLE `adms_nivacs_pgs` (
  `id` int(11) NOT NULL,
  `permissao` int(11) NOT NULL,
  `ordem` int(11) NOT NULL,
  `dropdown` int(11) NOT NULL,
  `lib_menu` int(11) NOT NULL DEFAULT 2,
  `adms_menu_id` int(11) NOT NULL,
  `adms_niveis_acesso_id` int(11) NOT NULL,
  `adms_pagina_id` int(11) NOT NULL,
  `created` datetime NOT NULL,
  `modified` datetime DEFAULT NULL
) ENGINE=MyISAM DEFAULT CHARSET=utf8 COLLATE=utf8_unicode_ci;

--
-- Extraindo dados da tabela `adms_nivacs_pgs`
--

INSERT INTO `adms_nivacs_pgs` (`id`, `permissao`, `ordem`, `dropdown`, `lib_menu`, `adms_menu_id`, `adms_niveis_acesso_id`, `adms_pagina_id`, `created`, `modified`) VALUES
(1, 1, 1, 2, 1, 1, 1, 1, '2018-03-23 00:00:00', NULL),
(2, 1, 2, 1, 1, 2, 1, 5, '2018-03-23 00:00:00', NULL),
(3, 1, 3, 1, 1, 2, 1, 6, '2018-03-23 00:00:00', NULL),
(4, 1, 4, 1, 1, 3, 1, 7, '2018-03-23 00:00:00', NULL),
(5, 1, 5, 1, 1, 3, 1, 8, '2018-03-23 00:00:00', NULL),
(6, 1, 6, 2, 1, 4, 1, 4, '2018-03-23 00:00:00', NULL),
(7, 1, 7, 2, 2, 2, 1, 9, '2018-03-23 00:00:00', NULL),
(8, 1, 8, 2, 2, 2, 1, 10, '2018-03-23 00:00:00', NULL),
(9, 1, 9, 2, 2, 2, 1, 11, '2018-03-23 00:00:00', NULL),
(10, 1, 10, 2, 2, 2, 1, 12, '2018-03-23 00:00:00', NULL),
(11, 1, 11, 2, 2, 2, 1, 13, '2018-03-23 00:00:00', NULL),
(12, 1, 1, 2, 1, 1, 3, 1, '2018-03-23 00:00:00', '2018-03-22 18:32:12'),
(13, 1, 3, 1, 1, 2, 3, 5, '2018-03-23 00:00:00', '2018-03-22 22:47:36'),
(14, 2, 2, 1, 2, 2, 3, 6, '2018-03-23 00:00:00', '2018-03-22 21:39:35'),
(15, 2, 4, 1, 2, 3, 3, 7, '2018-03-23 00:00:00', '2018-03-22 21:39:32'),
(16, 2, 5, 1, 2, 3, 3, 8, '2018-03-23 00:00:00', '2018-03-22 21:47:24'),
(17, 1, 6, 2, 1, 4, 3, 4, '2018-03-23 00:00:00', '2018-03-22 17:41:13'),
(18, 2, 7, 2, 2, 2, 3, 9, '2018-03-23 00:00:00', '2018-03-22 21:47:27'),
(19, 2, 8, 2, 2, 2, 3, 10, '2018-03-23 00:00:00', '2018-03-22 21:47:32'),
(20, 2, 9, 2, 2, 2, 3, 11, '2018-03-23 00:00:00', '2018-03-22 21:47:34'),
(21, 2, 10, 2, 2, 2, 3, 12, '2018-03-23 00:00:00', '2018-03-22 21:47:36'),
(22, 2, 11, 2, 2, 2, 3, 13, '2018-03-23 00:00:00', '2018-03-22 21:47:27'),
(23, 1, 12, 2, 2, 2, 1, 14, '2018-03-23 00:00:00', NULL),
(24, 1, 13, 1, 2, 2, 1, 15, '2018-03-23 00:00:00', NULL),
(25, 1, 14, 1, 2, 3, 1, 16, '2018-03-23 00:00:00', NULL),
(26, 1, 15, 1, 2, 3, 1, 17, '2018-03-23 00:00:00', NULL),
(27, 1, 16, 1, 2, 3, 1, 21, '2018-03-19 18:06:40', NULL),
(28, 2, 1, 1, 2, 3, 2, 21, '2018-03-19 18:06:40', NULL),
(29, 2, 12, 1, 2, 3, 3, 21, '2018-03-19 18:06:40', '2018-03-21 22:48:53'),
(30, 2, 1, 1, 2, 3, 14, 21, '2018-03-19 18:06:40', NULL),
(31, 1, 17, 1, 2, 3, 1, 22, '2018-03-21 12:39:49', NULL),
(32, 2, 2, 1, 2, 3, 2, 22, '2018-03-21 12:39:49', NULL),
(33, 2, 13, 1, 2, 3, 3, 22, '2018-03-21 12:39:49', NULL),
(34, 2, 2, 1, 2, 3, 14, 22, '2018-03-21 12:39:49', NULL),
(35, 1, 18, 1, 2, 3, 1, 23, '2018-03-21 16:43:09', NULL),
(36, 2, 3, 1, 2, 3, 2, 23, '2018-03-21 16:43:09', NULL),
(37, 2, 14, 1, 2, 3, 3, 23, '2018-03-21 16:43:09', '2018-03-22 21:47:42'),
(38, 2, 3, 1, 2, 3, 14, 23, '2018-03-21 16:43:09', NULL),
(39, 1, 19, 1, 2, 3, 1, 24, '2018-03-21 17:46:32', NULL),
(40, 2, 4, 1, 2, 3, 2, 24, '2018-03-21 17:46:32', NULL),
(41, 2, 15, 1, 2, 3, 3, 24, '2018-03-21 17:46:32', '2018-03-22 21:47:42'),
(42, 2, 4, 1, 2, 3, 14, 24, '2018-03-21 17:46:32', NULL),
(50, 2, 5, 1, 2, 3, 14, 26, '2018-03-21 20:16:19', NULL),
(49, 1, 16, 1, 2, 3, 3, 26, '2018-03-21 20:16:19', NULL),
(48, 1, 5, 1, 2, 3, 2, 26, '2018-03-21 20:16:19', '2018-03-22 21:36:26'),
(47, 1, 20, 1, 2, 3, 1, 26, '2018-03-21 20:16:19', NULL),
(51, 1, 21, 1, 2, 3, 1, 27, '2018-03-21 21:56:03', NULL),
(52, 1, 6, 1, 2, 3, 2, 27, '2018-03-21 21:56:03', '2018-03-22 21:38:01'),
(53, 2, 17, 1, 2, 3, 3, 27, '2018-03-21 21:56:03', NULL),
(54, 2, 6, 1, 2, 3, 14, 27, '2018-03-21 21:56:03', NULL),
(55, 1, 22, 1, 2, 3, 1, 28, '2018-03-22 17:14:57', NULL),
(56, 1, 7, 1, 2, 3, 2, 28, '2018-03-22 17:14:57', '2018-03-22 21:39:02'),
(57, 2, 18, 1, 2, 3, 3, 28, '2018-03-22 17:14:57', NULL),
(58, 2, 7, 1, 2, 3, 14, 28, '2018-03-22 17:14:57', NULL),
(59, 1, 23, 1, 2, 3, 1, 29, '2018-03-22 18:24:20', NULL),
(60, 1, 8, 1, 2, 3, 2, 29, '2018-03-22 18:24:20', '2018-03-22 21:38:56'),
(61, 2, 19, 1, 2, 3, 3, 29, '2018-03-22 18:24:20', NULL),
(62, 2, 8, 1, 2, 3, 14, 29, '2018-03-22 18:24:20', NULL),
(63, 1, 24, 1, 2, 3, 1, 30, '2018-03-22 19:21:32', NULL),
(64, 1, 9, 1, 2, 3, 2, 30, '2018-03-22 19:21:32', '2018-03-22 21:39:05'),
(65, 2, 20, 1, 2, 3, 3, 30, '2018-03-22 19:21:32', NULL),
(66, 2, 9, 1, 2, 3, 14, 30, '2018-03-22 19:21:32', NULL),
(67, 1, 25, 1, 2, 3, 1, 31, '2018-03-22 20:30:26', NULL),
(68, 2, 10, 1, 2, 3, 2, 31, '2018-03-22 20:30:26', NULL),
(69, 2, 21, 1, 2, 3, 3, 31, '2018-03-22 20:30:26', NULL),
(70, 2, 10, 1, 2, 3, 14, 31, '2018-03-22 20:30:26', NULL),
(71, 1, 26, 1, 2, 3, 1, 2, '2018-03-22 21:16:35', NULL),
(72, 1, 27, 1, 2, 3, 1, 3, '2018-03-22 21:16:35', NULL),
(73, 1, 11, 2, 1, 1, 2, 1, '2018-03-22 21:16:35', '2018-03-22 21:28:00'),
(74, 1, 12, 2, 1, 4, 2, 4, '2018-03-22 21:16:35', '2018-03-22 21:29:19'),
(75, 1, 13, 1, 2, 3, 2, 2, '2018-03-22 21:16:35', NULL),
(76, 1, 14, 1, 2, 3, 2, 3, '2018-03-22 21:16:35', NULL),
(77, 1, 15, 1, 1, 2, 2, 5, '2018-03-22 21:16:35', '2018-03-22 21:29:37'),
(78, 1, 16, 1, 1, 3, 2, 6, '2018-03-22 21:16:35', '2018-03-22 22:43:34'),
(79, 2, 17, 1, 2, 3, 2, 7, '2018-03-22 21:16:35', NULL),
(80, 1, 18, 1, 1, 3, 2, 8, '2018-03-22 21:16:35', '2018-03-22 21:53:14'),
(81, 1, 19, 1, 2, 2, 2, 9, '2018-03-22 21:16:35', '2018-03-22 21:34:30'),
(82, 1, 20, 1, 2, 2, 2, 10, '2018-03-22 21:16:35', '2018-03-22 21:35:15'),
(83, 1, 21, 1, 2, 2, 2, 11, '2018-03-22 21:16:35', '2018-03-22 21:35:18'),
(84, 1, 22, 1, 2, 2, 2, 12, '2018-03-22 21:16:35', '2018-03-22 21:35:21'),
(85, 1, 23, 1, 2, 2, 2, 13, '2018-03-22 21:16:35', '2018-03-22 21:34:30'),
(86, 1, 24, 1, 2, 2, 2, 14, '2018-03-22 21:16:35', '2018-03-22 21:35:18'),
(87, 1, 25, 1, 2, 2, 2, 15, '2018-03-22 21:16:35', '2018-03-22 21:35:25'),
(88, 2, 26, 1, 2, 3, 2, 16, '2018-03-22 21:16:35', NULL),
(89, 2, 27, 1, 2, 3, 2, 17, '2018-03-22 21:16:35', NULL),
(90, 1, 22, 1, 2, 3, 3, 2, '2018-03-22 21:16:35', NULL),
(91, 1, 23, 1, 2, 3, 3, 3, '2018-03-22 21:16:35', NULL),
(92, 2, 24, 1, 2, 2, 3, 14, '2018-03-22 21:16:35', '2018-03-22 21:47:34'),
(93, 2, 25, 1, 2, 2, 3, 15, '2018-03-22 21:16:35', NULL),
(94, 2, 26, 1, 2, 3, 3, 16, '2018-03-22 21:16:35', NULL),
(95, 2, 27, 1, 2, 3, 3, 17, '2018-03-22 21:16:35', NULL),
(96, 2, 11, 1, 2, 1, 14, 1, '2018-03-22 21:16:35', NULL),
(97, 1, 12, 1, 2, 4, 14, 4, '2018-03-22 21:16:35', NULL),
(98, 1, 13, 1, 2, 3, 14, 2, '2018-03-22 21:16:35', NULL),
(99, 1, 14, 1, 2, 3, 14, 3, '2018-03-22 21:16:35', NULL),
(100, 2, 15, 1, 2, 2, 14, 5, '2018-03-22 21:16:35', NULL),
(101, 2, 16, 1, 2, 2, 14, 6, '2018-03-22 21:16:35', NULL),
(102, 2, 17, 1, 2, 3, 14, 7, '2018-03-22 21:16:35', NULL),
(103, 2, 18, 1, 2, 3, 14, 8, '2018-03-22 21:16:35', NULL),
(104, 2, 19, 1, 2, 2, 14, 9, '2018-03-22 21:16:35', NULL),
(105, 2, 20, 1, 2, 2, 14, 10, '2018-03-22 21:16:35', NULL),
(106, 2, 21, 1, 2, 2, 14, 11, '2018-03-22 21:16:35', NULL),
(107, 2, 22, 1, 2, 2, 14, 12, '2018-03-22 21:16:35', NULL),
(108, 2, 23, 1, 2, 2, 14, 13, '2018-03-22 21:16:35', NULL),
(109, 2, 24, 1, 2, 2, 14, 14, '2018-03-22 21:16:35', NULL),
(110, 2, 25, 1, 2, 2, 14, 15, '2018-03-22 21:16:35', NULL),
(111, 2, 26, 1, 2, 3, 14, 16, '2018-03-22 21:16:35', NULL),
(112, 2, 27, 1, 2, 3, 14, 17, '2018-03-22 21:16:35', NULL),
(113, 1, 28, 1, 2, 3, 1, 32, '2018-03-22 22:15:13', NULL),
(114, 1, 28, 1, 2, 3, 2, 32, '2018-03-22 22:15:13', '2018-03-22 22:46:16'),
(115, 2, 28, 1, 2, 3, 3, 32, '2018-03-22 22:15:13', NULL),
(116, 2, 28, 1, 2, 3, 14, 32, '2018-03-22 22:15:13', NULL),
(117, 1, 29, 1, 2, 3, 1, 33, '2018-03-22 22:27:12', NULL),
(118, 1, 29, 1, 2, 3, 2, 33, '2018-03-22 22:27:12', '2018-03-22 22:46:16'),
(119, 2, 29, 1, 2, 3, 3, 33, '2018-03-22 22:27:12', NULL),
(120, 2, 29, 1, 2, 3, 14, 33, '2018-03-22 22:27:12', NULL),
(121, 1, 30, 1, 2, 3, 1, 34, '2018-04-04 10:23:29', NULL),
(122, 2, 30, 1, 2, 3, 2, 34, '2018-04-04 10:23:29', NULL),
(123, 2, 30, 1, 2, 3, 3, 34, '2018-04-04 10:23:29', NULL),
(124, 2, 30, 1, 2, 3, 14, 34, '2018-04-04 10:23:29', NULL),
(125, 1, 31, 1, 2, 3, 1, 35, '2018-04-04 10:40:36', NULL),
(126, 2, 31, 1, 2, 3, 2, 35, '2018-04-04 10:40:36', NULL),
(127, 2, 31, 1, 2, 3, 3, 35, '2018-04-04 10:40:36', NULL),
(128, 2, 31, 1, 2, 3, 14, 35, '2018-04-04 10:40:36', NULL),
(129, 1, 32, 1, 2, 3, 1, 36, '2018-04-04 12:26:09', NULL),
(130, 2, 32, 1, 2, 3, 2, 36, '2018-04-04 12:26:09', NULL),
(131, 2, 32, 1, 2, 3, 3, 36, '2018-04-04 12:26:09', NULL),
(132, 2, 32, 1, 2, 3, 14, 36, '2018-04-04 12:26:09', NULL),
(133, 1, 33, 1, 2, 3, 1, 37, '2018-04-04 12:50:27', NULL),
(134, 2, 33, 1, 2, 3, 2, 37, '2018-04-04 12:50:27', NULL),
(135, 2, 33, 1, 2, 3, 3, 37, '2018-04-04 12:50:27', NULL),
(136, 2, 33, 1, 2, 3, 14, 37, '2018-04-04 12:50:27', NULL),
(137, 1, 34, 1, 2, 3, 1, 38, '2018-04-09 15:22:37', NULL),
(138, 2, 34, 1, 2, 3, 2, 38, '2018-04-09 15:22:37', NULL),
(139, 2, 34, 1, 2, 3, 3, 38, '2018-04-09 15:22:37', NULL),
(140, 2, 34, 1, 2, 3, 14, 38, '2018-04-09 15:22:37', NULL),
(141, 1, 35, 1, 2, 3, 1, 39, '2018-04-09 15:54:43', NULL),
(142, 2, 35, 1, 2, 3, 2, 39, '2018-04-09 15:54:43', NULL),
(143, 2, 35, 1, 2, 3, 3, 39, '2018-04-09 15:54:43', NULL),
(144, 2, 35, 1, 2, 3, 14, 39, '2018-04-09 15:54:43', NULL),
(145, 1, 36, 1, 2, 3, 1, 40, '2018-04-12 12:12:17', NULL),
(146, 2, 36, 1, 2, 3, 2, 40, '2018-04-12 12:12:17', NULL),
(147, 2, 36, 1, 2, 3, 3, 40, '2018-04-12 12:12:17', NULL),
(148, 2, 36, 1, 2, 3, 14, 40, '2018-04-12 12:12:17', NULL),
(149, 1, 37, 1, 2, 3, 1, 41, '2018-04-14 21:23:48', NULL),
(150, 1, 37, 1, 2, 3, 2, 41, '2018-04-14 21:23:48', '2018-04-22 13:17:54'),
(151, 2, 37, 1, 2, 3, 3, 41, '2018-04-14 21:23:48', NULL),
(152, 2, 37, 1, 2, 3, 14, 41, '2018-04-14 21:23:48', NULL),
(153, 1, 38, 1, 2, 3, 1, 42, '2018-04-14 21:49:39', NULL),
(154, 1, 38, 1, 2, 3, 2, 42, '2018-04-14 21:49:39', '2018-04-22 13:17:55'),
(155, 2, 38, 1, 2, 3, 3, 42, '2018-04-14 21:49:39', NULL),
(156, 2, 38, 1, 2, 3, 14, 42, '2018-04-14 21:49:39', NULL),
(157, 1, 39, 1, 2, 3, 1, 43, '2018-04-20 17:50:56', NULL),
(158, 1, 39, 1, 2, 3, 2, 43, '2018-04-20 17:50:56', '2018-04-20 18:42:14'),
(159, 2, 39, 1, 2, 3, 3, 43, '2018-04-20 17:50:56', NULL),
(160, 2, 39, 1, 2, 3, 14, 43, '2018-04-20 17:50:56', NULL),
(161, 1, 40, 1, 2, 3, 1, 44, '2018-04-22 09:00:33', NULL),
(162, 1, 40, 1, 2, 3, 2, 44, '2018-04-22 09:00:33', '2018-04-22 13:17:57'),
(163, 2, 40, 1, 2, 3, 3, 44, '2018-04-22 09:00:33', NULL),
(164, 2, 40, 1, 2, 3, 14, 44, '2018-04-22 09:00:33', NULL),
(165, 1, 41, 1, 2, 3, 1, 45, '2018-04-22 09:50:59', NULL),
(166, 1, 41, 1, 2, 3, 2, 45, '2018-04-22 09:50:59', '2018-04-22 13:17:57'),
(167, 2, 41, 1, 2, 3, 3, 45, '2018-04-22 09:50:59', NULL),
(168, 2, 41, 1, 2, 3, 14, 45, '2018-04-22 09:50:59', NULL),
(169, 1, 42, 1, 2, 3, 1, 46, '2018-04-22 11:18:16', NULL),
(170, 1, 42, 1, 2, 3, 2, 46, '2018-04-22 11:18:16', '2018-04-22 11:45:33'),
(171, 2, 42, 1, 2, 3, 3, 46, '2018-04-22 11:18:16', NULL),
(172, 2, 42, 1, 2, 3, 14, 46, '2018-04-22 11:18:16', NULL),
(173, 1, 43, 1, 2, 3, 1, 47, '2018-04-22 13:50:45', NULL),
(174, 1, 43, 1, 2, 3, 2, 47, '2018-04-22 13:50:45', '2018-04-22 14:00:32'),
(175, 2, 43, 1, 2, 3, 3, 47, '2018-04-22 13:50:45', NULL),
(176, 2, 43, 1, 2, 3, 14, 47, '2018-04-22 13:50:45', NULL),
(177, 1, 44, 1, 2, 3, 1, 48, '2018-04-22 14:04:38', NULL),
(178, 1, 44, 1, 2, 3, 2, 48, '2018-04-22 14:04:38', '2018-04-22 14:37:33'),
(179, 2, 44, 1, 2, 3, 3, 48, '2018-04-22 14:04:38', NULL),
(180, 2, 44, 1, 2, 3, 14, 48, '2018-04-22 14:04:38', NULL),
(181, 1, 45, 1, 2, 3, 1, 49, '2018-04-22 14:15:52', NULL),
(182, 1, 45, 1, 2, 3, 2, 49, '2018-04-22 14:15:52', '2018-04-22 14:37:33'),
(183, 2, 45, 1, 2, 3, 3, 49, '2018-04-22 14:15:52', NULL),
(184, 2, 45, 1, 2, 3, 14, 49, '2018-04-22 14:15:52', NULL),
(185, 1, 46, 1, 2, 3, 1, 50, '2018-05-01 15:38:25', NULL),
(186, 2, 46, 1, 2, 3, 2, 50, '2018-05-01 15:38:25', NULL),
(187, 2, 46, 1, 2, 3, 3, 50, '2018-05-01 15:38:25', NULL),
(188, 2, 46, 1, 2, 3, 14, 50, '2018-05-01 15:38:25', NULL),
(189, 1, 47, 1, 1, 5, 1, 51, '2018-05-01 16:40:55', '2018-05-01 16:58:13'),
(190, 2, 47, 1, 2, 3, 2, 51, '2018-05-01 16:40:55', NULL),
(191, 2, 47, 1, 2, 3, 3, 51, '2018-05-01 16:40:55', NULL),
(192, 2, 1, 1, 2, 3, 4, 51, '2018-05-01 16:40:55', NULL),
(193, 2, 1, 1, 2, 3, 5, 51, '2018-05-01 16:40:55', NULL),
(194, 1, 48, 1, 2, 3, 1, 52, '2018-05-01 17:06:00', NULL),
(195, 2, 48, 1, 2, 3, 2, 52, '2018-05-01 17:06:00', NULL),
(196, 2, 48, 1, 2, 3, 3, 52, '2018-05-01 17:06:00', NULL),
(197, 2, 2, 1, 2, 3, 4, 52, '2018-05-01 17:06:00', NULL),
(198, 2, 2, 1, 2, 3, 5, 52, '2018-05-01 17:06:00', NULL),
(199, 1, 49, 1, 1, 5, 1, 53, '2018-05-02 23:57:08', '2018-05-02 23:57:35'),
(200, 2, 49, 1, 2, 3, 2, 53, '2018-05-02 23:57:08', NULL),
(201, 2, 49, 1, 2, 3, 3, 53, '2018-05-02 23:57:08', NULL),
(202, 2, 3, 1, 2, 3, 4, 53, '2018-05-02 23:57:08', NULL),
(203, 2, 3, 1, 2, 3, 5, 53, '2018-05-02 23:57:08', NULL),
(204, 1, 50, 1, 2, 3, 1, 54, '2018-05-03 00:04:59', NULL),
(205, 2, 50, 1, 2, 3, 2, 54, '2018-05-03 00:04:59', NULL),
(206, 2, 50, 1, 2, 3, 3, 54, '2018-05-03 00:04:59', NULL),
(207, 2, 4, 1, 2, 3, 4, 54, '2018-05-03 00:04:59', NULL),
(208, 2, 4, 1, 2, 3, 5, 54, '2018-05-03 00:04:59', NULL),
(209, 1, 51, 1, 2, 3, 1, 55, '2018-05-04 12:42:15', NULL),
(210, 2, 51, 1, 2, 3, 2, 55, '2018-05-04 12:42:16', NULL),
(211, 2, 51, 1, 2, 3, 3, 55, '2018-05-04 12:42:16', NULL),
(212, 2, 5, 1, 2, 3, 4, 55, '2018-05-04 12:42:16', NULL),
(213, 2, 5, 1, 2, 3, 5, 55, '2018-05-04 12:42:16', NULL),
(214, 1, 52, 1, 2, 3, 1, 56, '2018-05-04 13:10:17', NULL),
(215, 2, 52, 1, 2, 3, 2, 56, '2018-05-04 13:10:17', NULL),
(216, 2, 52, 1, 2, 3, 3, 56, '2018-05-04 13:10:17', NULL),
(217, 2, 6, 1, 2, 3, 4, 56, '2018-05-04 13:10:18', NULL),
(218, 2, 6, 1, 2, 3, 5, 56, '2018-05-04 13:10:18', NULL),
(219, 1, 53, 1, 2, 3, 1, 57, '2018-05-05 16:36:02', NULL),
(220, 2, 53, 1, 2, 3, 2, 57, '2018-05-05 16:36:02', NULL),
(221, 2, 53, 1, 2, 3, 3, 57, '2018-05-05 16:36:02', NULL),
(222, 2, 7, 1, 2, 3, 4, 57, '2018-05-05 16:36:02', NULL),
(223, 2, 7, 1, 2, 3, 5, 57, '2018-05-05 16:36:02', NULL),
(224, 1, 54, 1, 1, 6, 1, 58, '2018-05-06 12:26:10', '2018-05-06 12:29:00'),
(225, 1, 54, 1, 1, 6, 2, 58, '2018-05-06 12:26:10', '2018-05-12 13:48:47'),
(226, 2, 54, 1, 2, 3, 3, 58, '2018-05-06 12:26:10', NULL),
(227, 2, 8, 1, 2, 3, 4, 58, '2018-05-06 12:26:10', NULL),
(228, 2, 8, 1, 2, 3, 5, 58, '2018-05-06 12:26:10', NULL),
(229, 1, 55, 1, 2, 3, 1, 59, '2018-05-06 13:49:37', NULL),
(230, 2, 55, 1, 2, 3, 2, 59, '2018-05-06 13:49:37', NULL),
(231, 2, 55, 1, 2, 3, 3, 59, '2018-05-06 13:49:37', NULL),
(232, 2, 9, 1, 2, 3, 4, 59, '2018-05-06 13:49:37', NULL),
(233, 2, 9, 1, 2, 3, 5, 59, '2018-05-06 13:49:37', NULL),
(234, 1, 56, 1, 2, 3, 1, 60, '2018-05-06 14:54:26', NULL),
(235, 2, 56, 1, 2, 3, 2, 60, '2018-05-06 14:54:26', NULL),
(236, 2, 56, 1, 2, 3, 3, 60, '2018-05-06 14:54:26', NULL),
(237, 2, 10, 1, 2, 3, 4, 60, '2018-05-06 14:54:26', NULL),
(238, 2, 10, 1, 2, 3, 5, 60, '2018-05-06 14:54:26', NULL),
(239, 1, 57, 1, 2, 3, 1, 61, '2018-05-06 15:13:52', NULL),
(240, 2, 57, 1, 2, 3, 2, 61, '2018-05-06 15:13:52', NULL),
(241, 2, 57, 1, 2, 3, 3, 61, '2018-05-06 15:13:52', NULL),
(242, 2, 11, 1, 2, 3, 4, 61, '2018-05-06 15:13:52', NULL),
(243, 2, 11, 1, 2, 3, 5, 61, '2018-05-06 15:13:52', NULL),
(244, 1, 58, 1, 2, 3, 1, 62, '2018-05-11 12:50:42', NULL),
(245, 2, 58, 1, 2, 3, 2, 62, '2018-05-11 12:50:42', NULL),
(246, 2, 58, 1, 2, 3, 3, 62, '2018-05-11 12:50:42', NULL),
(247, 2, 12, 1, 2, 3, 4, 62, '2018-05-11 12:50:42', NULL),
(248, 2, 12, 1, 2, 3, 5, 62, '2018-05-11 12:50:42', NULL),
(249, 1, 59, 1, 2, 3, 1, 63, '2018-05-12 13:18:42', NULL),
(250, 2, 59, 1, 2, 3, 2, 63, '2018-05-12 13:18:42', NULL),
(251, 2, 59, 1, 2, 3, 3, 63, '2018-05-12 13:18:42', NULL),
(252, 2, 13, 1, 2, 3, 4, 63, '2018-05-12 13:18:42', NULL),
(253, 2, 13, 1, 2, 3, 5, 63, '2018-05-12 13:18:42', NULL),
(254, 1, 60, 1, 2, 3, 1, 64, '2018-05-16 11:25:25', NULL),
(255, 2, 60, 1, 2, 3, 2, 64, '2018-05-16 11:25:25', NULL),
(256, 2, 60, 1, 2, 3, 3, 64, '2018-05-16 11:25:25', NULL),
(257, 2, 14, 1, 2, 3, 4, 64, '2018-05-16 11:25:25', NULL),
(258, 2, 14, 1, 2, 3, 5, 64, '2018-05-16 11:25:25', NULL),
(259, 1, 61, 1, 2, 3, 1, 65, '2018-05-16 11:53:31', NULL),
(260, 2, 61, 1, 2, 3, 2, 65, '2018-05-16 11:53:31', NULL),
(261, 2, 61, 1, 2, 3, 3, 65, '2018-05-16 11:53:31', NULL),
(262, 2, 15, 1, 2, 3, 4, 65, '2018-05-16 11:53:31', NULL),
(263, 2, 15, 1, 2, 3, 5, 65, '2018-05-16 11:53:31', NULL),
(264, 1, 62, 1, 2, 3, 1, 66, '2018-05-16 12:30:02', NULL),
(265, 2, 62, 1, 2, 3, 2, 66, '2018-05-16 12:30:02', NULL),
(266, 2, 62, 1, 2, 3, 3, 66, '2018-05-16 12:30:02', NULL),
(267, 2, 16, 1, 2, 3, 4, 66, '2018-05-16 12:30:02', NULL),
(268, 2, 16, 1, 2, 3, 5, 66, '2018-05-16 12:30:02', NULL),
(269, 1, 63, 1, 1, 6, 1, 67, '2018-05-16 14:20:20', '2018-05-16 14:36:28'),
(270, 2, 63, 1, 2, 3, 2, 67, '2018-05-16 14:20:20', NULL),
(271, 2, 63, 1, 2, 3, 3, 67, '2018-05-16 14:20:20', NULL),
(272, 2, 17, 1, 2, 3, 4, 67, '2018-05-16 14:20:20', NULL),
(273, 2, 17, 1, 2, 3, 5, 67, '2018-05-16 14:20:20', NULL),
(274, 1, 64, 1, 2, 3, 1, 68, '2018-05-16 15:00:02', NULL),
(275, 2, 64, 1, 2, 3, 2, 68, '2018-05-16 15:00:02', NULL),
(276, 2, 64, 1, 2, 3, 3, 68, '2018-05-16 15:00:02', NULL),
(277, 2, 18, 1, 2, 3, 4, 68, '2018-05-16 15:00:02', NULL),
(278, 2, 18, 1, 2, 3, 5, 68, '2018-05-16 15:00:02', NULL),
(279, 1, 65, 1, 2, 3, 1, 69, '2018-05-16 15:36:49', NULL),
(280, 2, 65, 1, 2, 3, 2, 69, '2018-05-16 15:36:49', NULL),
(281, 2, 65, 1, 2, 3, 3, 69, '2018-05-16 15:36:49', NULL),
(282, 2, 19, 1, 2, 3, 4, 69, '2018-05-16 15:36:49', NULL),
(283, 2, 19, 1, 2, 3, 5, 69, '2018-05-16 15:36:49', NULL),
(284, 1, 66, 1, 2, 6, 1, 70, '2018-05-16 15:47:18', '2018-05-17 13:01:10'),
(285, 2, 66, 1, 2, 3, 2, 70, '2018-05-16 15:47:18', NULL),
(286, 2, 66, 1, 2, 3, 3, 70, '2018-05-16 15:47:18', NULL),
(287, 2, 20, 1, 2, 3, 4, 70, '2018-05-16 15:47:18', NULL),
(288, 2, 20, 1, 2, 3, 5, 70, '2018-05-16 15:47:18', NULL),
(289, 1, 67, 1, 2, 3, 1, 71, '2018-05-16 16:01:43', NULL),
(290, 2, 67, 1, 2, 3, 2, 71, '2018-05-16 16:01:44', NULL),
(291, 2, 67, 1, 2, 3, 3, 71, '2018-05-16 16:01:44', NULL),
(292, 2, 21, 1, 2, 3, 4, 71, '2018-05-16 16:01:44', NULL),
(293, 2, 21, 1, 2, 3, 5, 71, '2018-05-16 16:01:44', NULL),
(294, 1, 68, 1, 2, 3, 1, 72, '2018-05-16 16:09:53', NULL),
(295, 2, 68, 1, 2, 3, 2, 72, '2018-05-16 16:09:53', NULL),
(296, 2, 68, 1, 2, 3, 3, 72, '2018-05-16 16:09:53', NULL),
(297, 2, 22, 1, 2, 3, 4, 72, '2018-05-16 16:09:53', NULL),
(298, 2, 22, 1, 2, 3, 5, 72, '2018-05-16 16:09:53', NULL),
(299, 1, 69, 1, 2, 3, 1, 73, '2018-05-16 16:32:18', NULL),
(300, 2, 69, 1, 2, 3, 2, 73, '2018-05-16 16:32:18', NULL),
(301, 2, 69, 1, 2, 3, 3, 73, '2018-05-16 16:32:18', NULL),
(302, 2, 23, 1, 2, 3, 4, 73, '2018-05-16 16:32:18', NULL),
(303, 2, 23, 1, 2, 3, 5, 73, '2018-05-16 16:32:18', NULL),
(304, 1, 70, 1, 2, 3, 1, 74, '2018-05-16 16:52:52', NULL),
(305, 2, 70, 1, 2, 3, 2, 74, '2018-05-16 16:52:52', NULL),
(306, 2, 70, 1, 2, 3, 3, 74, '2018-05-16 16:52:52', NULL),
(307, 2, 24, 1, 2, 3, 4, 74, '2018-05-16 16:52:52', NULL),
(308, 2, 24, 1, 2, 3, 5, 74, '2018-05-16 16:52:52', NULL),
(309, 1, 71, 1, 1, 6, 1, 75, '2018-05-17 12:56:14', '2018-05-17 13:02:35'),
(310, 2, 71, 1, 2, 3, 2, 75, '2018-05-17 12:56:14', NULL),
(311, 2, 71, 1, 2, 3, 3, 75, '2018-05-17 12:56:14', NULL),
(312, 2, 25, 1, 2, 3, 4, 75, '2018-05-17 12:56:14', NULL),
(313, 2, 25, 1, 2, 3, 5, 75, '2018-05-17 12:56:14', NULL),
(314, 1, 72, 1, 2, 3, 1, 76, '2018-05-17 13:30:04', NULL),
(315, 2, 72, 1, 2, 3, 2, 76, '2018-05-17 13:30:04', NULL),
(316, 2, 72, 1, 2, 3, 3, 76, '2018-05-17 13:30:04', NULL),
(317, 2, 26, 1, 2, 3, 4, 76, '2018-05-17 13:30:04', NULL),
(318, 2, 26, 1, 2, 3, 5, 76, '2018-05-17 13:30:04', NULL),
(319, 1, 73, 1, 1, 6, 1, 77, '2018-05-17 14:00:20', '2018-05-17 14:01:34'),
(320, 2, 73, 1, 2, 3, 2, 77, '2018-05-17 14:00:20', NULL),
(321, 2, 73, 1, 2, 3, 3, 77, '2018-05-17 14:00:20', NULL),
(322, 2, 27, 1, 2, 3, 4, 77, '2018-05-17 14:00:20', NULL),
(323, 2, 27, 1, 2, 3, 5, 77, '2018-05-17 14:00:20', NULL),
(324, 1, 74, 1, 2, 3, 1, 78, '2018-05-17 15:58:26', NULL),
(325, 2, 74, 1, 2, 3, 2, 78, '2018-05-17 15:58:26', NULL),
(326, 2, 74, 1, 2, 3, 3, 78, '2018-05-17 15:58:26', NULL),
(327, 2, 28, 1, 2, 3, 4, 78, '2018-05-17 15:58:26', NULL),
(328, 2, 28, 1, 2, 3, 5, 78, '2018-05-17 15:58:26', NULL),
(329, 1, 75, 1, 1, 6, 1, 79, '2018-05-25 13:31:24', '2018-05-25 13:32:12'),
(330, 2, 75, 1, 2, 3, 2, 79, '2018-05-25 13:31:24', NULL),
(331, 2, 75, 1, 2, 3, 3, 79, '2018-05-25 13:31:24', NULL),
(332, 2, 29, 1, 2, 3, 4, 79, '2018-05-25 13:31:24', NULL),
(333, 2, 29, 1, 2, 3, 5, 79, '2018-05-25 13:31:24', NULL),
(334, 1, 76, 1, 2, 3, 1, 80, '2018-05-25 14:06:20', NULL),
(335, 2, 76, 1, 2, 3, 2, 80, '2018-05-25 14:06:20', NULL),
(336, 2, 76, 1, 2, 3, 3, 80, '2018-05-25 14:06:20', NULL),
(337, 2, 30, 1, 2, 3, 4, 80, '2018-05-25 14:06:20', NULL),
(338, 2, 30, 1, 2, 3, 5, 80, '2018-05-25 14:06:20', NULL),
(339, 1, 77, 1, 1, 6, 1, 81, '2018-05-26 18:35:39', '2018-05-26 18:37:11'),
(340, 2, 77, 1, 2, 3, 2, 81, '2018-05-26 18:35:39', NULL),
(341, 2, 77, 1, 2, 3, 3, 81, '2018-05-26 18:35:39', NULL),
(342, 2, 31, 1, 2, 3, 4, 81, '2018-05-26 18:35:39', NULL),
(343, 2, 31, 1, 2, 3, 5, 81, '2018-05-26 18:35:39', NULL),
(344, 1, 78, 1, 2, 3, 1, 82, '2018-05-26 18:54:14', NULL),
(345, 2, 78, 1, 2, 3, 2, 82, '2018-05-26 18:54:14', NULL),
(346, 2, 78, 1, 2, 3, 3, 82, '2018-05-26 18:54:14', NULL),
(347, 2, 32, 1, 2, 3, 4, 82, '2018-05-26 18:54:14', NULL),
(348, 2, 32, 1, 2, 3, 5, 82, '2018-05-26 18:54:14', NULL),
(349, 1, 79, 1, 1, 6, 1, 83, '2018-05-27 11:01:41', '2018-05-27 11:02:06'),
(350, 2, 79, 1, 2, 3, 2, 83, '2018-05-27 11:01:41', NULL),
(351, 2, 79, 1, 2, 3, 3, 83, '2018-05-27 11:01:41', NULL),
(352, 2, 33, 1, 2, 3, 4, 83, '2018-05-27 11:01:41', NULL),
(353, 2, 33, 1, 2, 3, 5, 83, '2018-05-27 11:01:41', NULL),
(354, 1, 80, 1, 2, 3, 1, 84, '2018-05-27 13:54:05', NULL),
(355, 2, 80, 1, 2, 3, 2, 84, '2018-05-27 13:54:05', NULL),
(356, 2, 80, 1, 2, 3, 3, 84, '2018-05-27 13:54:05', NULL),
(357, 2, 34, 1, 2, 3, 4, 84, '2018-05-27 13:54:05', NULL),
(358, 2, 34, 1, 2, 3, 5, 84, '2018-05-27 13:54:05', NULL),
(359, 1, 81, 1, 2, 3, 1, 85, '2018-05-27 14:00:39', NULL),
(360, 2, 81, 1, 2, 3, 2, 85, '2018-05-27 14:00:39', NULL),
(361, 2, 81, 1, 2, 3, 3, 85, '2018-05-27 14:00:39', NULL),
(362, 2, 35, 1, 2, 3, 4, 85, '2018-05-27 14:00:39', NULL),
(363, 2, 35, 1, 2, 3, 5, 85, '2018-05-27 14:00:39', NULL),
(364, 1, 82, 1, 2, 3, 1, 86, '2018-05-27 14:07:06', NULL),
(365, 2, 82, 1, 2, 3, 2, 86, '2018-05-27 14:07:06', NULL),
(366, 2, 82, 1, 2, 3, 3, 86, '2018-05-27 14:07:06', NULL),
(367, 2, 36, 1, 2, 3, 4, 86, '2018-05-27 14:07:06', NULL),
(368, 2, 36, 1, 2, 3, 5, 86, '2018-05-27 14:07:06', NULL),
(369, 1, 83, 1, 2, 3, 1, 87, '2018-05-27 14:12:11', NULL),
(370, 2, 83, 1, 2, 3, 2, 87, '2018-05-27 14:12:11', NULL),
(371, 2, 83, 1, 2, 3, 3, 87, '2018-05-27 14:12:11', NULL),
(372, 2, 37, 1, 2, 3, 4, 87, '2018-05-27 14:12:11', NULL),
(373, 2, 37, 1, 2, 3, 5, 87, '2018-05-27 14:12:11', NULL),
(374, 1, 84, 1, 2, 3, 1, 88, '2018-05-27 14:20:08', NULL),
(375, 2, 84, 1, 2, 3, 2, 88, '2018-05-27 14:20:08', NULL),
(376, 2, 84, 1, 2, 3, 3, 88, '2018-05-27 14:20:08', NULL),
(377, 2, 38, 1, 2, 3, 4, 88, '2018-05-27 14:20:08', NULL),
(378, 2, 38, 1, 2, 3, 5, 88, '2018-05-27 14:20:08', NULL),
(379, 1, 85, 1, 2, 3, 1, 89, '2018-05-27 14:27:24', NULL),
(380, 2, 85, 1, 2, 3, 2, 89, '2018-05-27 14:27:24', NULL),
(381, 2, 85, 1, 2, 3, 3, 89, '2018-05-27 14:27:24', NULL),
(382, 2, 39, 1, 2, 3, 4, 89, '2018-05-27 14:27:24', NULL),
(383, 2, 39, 1, 2, 3, 5, 89, '2018-05-27 14:27:24', NULL),
(384, 1, 86, 1, 2, 3, 1, 90, '2018-05-27 14:28:45', NULL),
(385, 2, 86, 1, 2, 3, 2, 90, '2018-05-27 14:28:45', NULL),
(386, 2, 86, 1, 2, 3, 3, 90, '2018-05-27 14:28:45', NULL),
(387, 2, 40, 1, 2, 3, 4, 90, '2018-05-27 14:28:45', NULL),
(388, 2, 40, 1, 2, 3, 5, 90, '2018-05-27 14:28:45', NULL),
(389, 1, 87, 1, 1, 6, 1, 91, '2018-05-27 15:58:39', '2018-05-27 16:00:00'),
(390, 2, 87, 1, 2, 3, 2, 91, '2018-05-27 15:58:39', NULL),
(391, 2, 87, 1, 2, 3, 3, 91, '2018-05-27 15:58:39', NULL),
(392, 2, 41, 1, 2, 3, 4, 91, '2018-05-27 15:58:39', NULL),
(393, 2, 41, 1, 2, 3, 5, 91, '2018-05-27 15:58:39', NULL),
(394, 1, 88, 1, 2, 3, 1, 92, '2018-05-27 16:08:51', NULL),
(395, 2, 88, 1, 2, 3, 2, 92, '2018-05-27 16:08:51', NULL),
(396, 2, 88, 1, 2, 3, 3, 92, '2018-05-27 16:08:51', NULL),
(397, 2, 42, 1, 2, 3, 4, 92, '2018-05-27 16:08:51', NULL),
(398, 2, 42, 1, 2, 3, 5, 92, '2018-05-27 16:08:51', NULL),
(399, 1, 89, 1, 2, 3, 1, 93, '2018-05-27 16:25:41', NULL),
(400, 2, 89, 1, 2, 3, 2, 93, '2018-05-27 16:25:41', NULL),
(401, 2, 89, 1, 2, 3, 3, 93, '2018-05-27 16:25:41', NULL),
(402, 2, 43, 1, 2, 3, 4, 93, '2018-05-27 16:25:41', NULL),
(403, 2, 43, 1, 2, 3, 5, 93, '2018-05-27 16:25:41', NULL),
(404, 1, 90, 1, 2, 3, 1, 94, '2018-05-27 16:29:21', NULL),
(405, 2, 90, 1, 2, 3, 2, 94, '2018-05-27 16:29:21', NULL),
(406, 2, 90, 1, 2, 3, 3, 94, '2018-05-27 16:29:21', NULL),
(407, 2, 44, 1, 2, 3, 4, 94, '2018-05-27 16:29:21', NULL),
(408, 2, 44, 1, 2, 3, 5, 94, '2018-05-27 16:29:21', NULL),
(409, 1, 91, 1, 2, 3, 1, 95, '2018-05-31 17:07:09', NULL),
(410, 2, 91, 1, 2, 3, 2, 95, '2018-05-31 17:07:10', NULL),
(411, 2, 91, 1, 2, 3, 3, 95, '2018-05-31 17:07:10', NULL),
(412, 2, 45, 1, 2, 3, 4, 95, '2018-05-31 17:07:10', NULL),
(413, 2, 45, 1, 2, 3, 5, 95, '2018-05-31 17:07:10', NULL),
(414, 1, 92, 1, 2, 3, 1, 96, '2018-05-31 17:16:35', NULL),
(415, 2, 92, 1, 2, 3, 2, 96, '2018-05-31 17:16:35', NULL),
(416, 2, 92, 1, 2, 3, 3, 96, '2018-05-31 17:16:35', NULL),
(417, 2, 46, 1, 2, 3, 4, 96, '2018-05-31 17:16:35', NULL),
(418, 2, 46, 1, 2, 3, 5, 96, '2018-05-31 17:16:35', NULL),
(419, 1, 93, 1, 2, 3, 1, 97, '2018-05-31 17:22:51', NULL),
(420, 2, 93, 1, 2, 3, 2, 97, '2018-05-31 17:22:51', NULL),
(421, 2, 93, 1, 2, 3, 3, 97, '2018-05-31 17:22:51', NULL),
(422, 2, 47, 1, 2, 3, 4, 97, '2018-05-31 17:22:51', NULL),
(423, 2, 47, 1, 2, 3, 5, 97, '2018-05-31 17:22:51', NULL),
(424, 1, 94, 1, 2, 3, 1, 98, '2018-05-31 17:26:16', NULL),
(425, 2, 94, 1, 2, 3, 2, 98, '2018-05-31 17:26:16', NULL),
(426, 2, 94, 1, 2, 3, 3, 98, '2018-05-31 17:26:16', NULL),
(427, 2, 48, 1, 2, 3, 4, 98, '2018-05-31 17:26:16', NULL),
(428, 2, 48, 1, 2, 3, 5, 98, '2018-05-31 17:26:16', NULL),
(429, 1, 95, 1, 1, 6, 1, 99, '2018-05-31 19:13:50', '2018-05-31 19:14:28'),
(430, 2, 95, 1, 2, 3, 2, 99, '2018-05-31 19:13:50', NULL),
(431, 2, 95, 1, 2, 3, 3, 99, '2018-05-31 19:13:50', NULL),
(432, 2, 49, 1, 2, 3, 4, 99, '2018-05-31 19:13:50', NULL),
(433, 2, 49, 1, 2, 3, 5, 99, '2018-05-31 19:13:50', NULL),
(434, 1, 96, 1, 2, 3, 1, 100, '2018-05-31 19:23:29', NULL),
(435, 2, 96, 1, 2, 3, 2, 100, '2018-05-31 19:23:29', NULL),
(436, 2, 96, 1, 2, 3, 3, 100, '2018-05-31 19:23:29', NULL),
(437, 2, 50, 1, 2, 3, 4, 100, '2018-05-31 19:23:29', NULL),
(438, 2, 50, 1, 2, 3, 5, 100, '2018-05-31 19:23:29', NULL),
(439, 1, 97, 1, 1, 6, 1, 101, '2018-06-01 12:00:25', '2021-03-24 11:39:41'),
(440, 2, 97, 1, 2, 3, 2, 101, '2018-06-01 12:00:25', NULL),
(441, 2, 97, 1, 2, 3, 3, 101, '2018-06-01 12:00:25', NULL),
(442, 2, 51, 1, 2, 3, 4, 101, '2018-06-01 12:00:25', NULL),
(443, 2, 51, 1, 2, 3, 5, 101, '2018-06-01 12:00:25', NULL),
(444, 1, 98, 1, 2, 3, 1, 102, '2018-06-01 12:01:16', NULL),
(445, 2, 98, 1, 2, 3, 2, 102, '2018-06-01 12:01:16', NULL),
(446, 2, 98, 1, 2, 3, 3, 102, '2018-06-01 12:01:16', NULL),
(447, 2, 52, 1, 2, 3, 4, 102, '2018-06-01 12:01:16', NULL),
(448, 2, 52, 1, 2, 3, 5, 102, '2018-06-01 12:01:16', NULL),
(449, 1, 99, 1, 2, 3, 1, 103, '2018-06-01 12:02:25', NULL),
(450, 2, 99, 1, 2, 3, 2, 103, '2018-06-01 12:02:25', NULL),
(451, 2, 99, 1, 2, 3, 3, 103, '2018-06-01 12:02:25', NULL),
(452, 2, 53, 1, 2, 3, 4, 103, '2018-06-01 12:02:25', NULL),
(453, 2, 53, 1, 2, 3, 5, 103, '2018-06-01 12:02:25', NULL),
(454, 1, 100, 1, 2, 3, 1, 104, '2018-06-01 12:03:43', NULL),
(455, 2, 100, 1, 2, 3, 2, 104, '2018-06-01 12:03:43', NULL),
(456, 2, 100, 1, 2, 3, 3, 104, '2018-06-01 12:03:43', NULL),
(457, 2, 54, 1, 2, 3, 4, 104, '2018-06-01 12:03:43', NULL),
(458, 2, 54, 1, 2, 3, 5, 104, '2018-06-01 12:03:43', NULL),
(459, 1, 101, 1, 2, 3, 1, 105, '2018-06-01 12:04:32', NULL),
(460, 2, 101, 1, 2, 3, 2, 105, '2018-06-01 12:04:32', NULL),
(461, 2, 101, 1, 2, 3, 3, 105, '2018-06-01 12:04:32', NULL),
(462, 2, 55, 1, 2, 3, 4, 105, '2018-06-01 12:04:32', NULL),
(463, 2, 55, 1, 2, 3, 5, 105, '2018-06-01 12:04:32', NULL),
(464, 1, 102, 1, 2, 3, 1, 106, '2018-06-01 12:05:45', NULL),
(465, 2, 102, 1, 2, 3, 2, 106, '2018-06-01 12:05:45', NULL),
(466, 2, 102, 1, 2, 3, 3, 106, '2018-06-01 12:05:45', NULL),
(467, 2, 56, 1, 2, 3, 4, 106, '2018-06-01 12:05:45', NULL),
(468, 2, 56, 1, 2, 3, 5, 106, '2018-06-01 12:05:45', NULL),
(469, 1, 103, 1, 2, 6, 1, 107, '2018-06-01 12:07:57', '2018-06-01 12:09:04'),
(470, 2, 103, 1, 2, 3, 2, 107, '2018-06-01 12:07:57', NULL),
(471, 2, 103, 1, 2, 3, 3, 107, '2018-06-01 12:07:57', NULL),
(472, 2, 57, 1, 2, 3, 4, 107, '2018-06-01 12:07:57', NULL),
(473, 2, 57, 1, 2, 3, 5, 107, '2018-06-01 12:07:57', NULL),
(474, 1, 104, 2, 1, 8, 1, 108, '2018-06-01 14:18:56', '2021-03-24 20:28:02'),
(475, 2, 104, 1, 2, 3, 2, 108, '2018-06-01 14:18:56', NULL),
(476, 2, 104, 1, 2, 3, 3, 108, '2018-06-01 14:18:56', NULL),
(477, 2, 58, 1, 2, 3, 4, 108, '2018-06-01 14:18:56', NULL),
(478, 2, 58, 1, 2, 3, 5, 108, '2018-06-01 14:18:56', NULL),
(479, 1, 105, 2, 2, 8, 1, 109, '2018-06-01 14:25:54', '2021-03-24 20:28:12'),
(480, 2, 105, 1, 2, 3, 2, 109, '2018-06-01 14:25:54', NULL),
(481, 2, 105, 1, 2, 3, 3, 109, '2018-06-01 14:25:54', NULL),
(482, 2, 59, 1, 2, 3, 4, 109, '2018-06-01 14:25:54', NULL),
(483, 2, 59, 1, 2, 3, 5, 109, '2018-06-01 14:25:54', NULL),
(484, 1, 106, 1, 2, 3, 1, 110, '2018-06-01 14:30:34', NULL),
(485, 2, 106, 1, 2, 3, 2, 110, '2018-06-01 14:30:34', NULL),
(486, 2, 106, 1, 2, 3, 3, 110, '2018-06-01 14:30:34', NULL),
(487, 2, 60, 1, 2, 3, 4, 110, '2018-06-01 14:30:34', NULL),
(488, 2, 60, 1, 2, 3, 5, 110, '2018-06-01 14:30:34', NULL),
(489, 1, 107, 1, 2, 3, 1, 111, '2018-06-01 14:34:29', NULL),
(490, 2, 107, 1, 2, 3, 2, 111, '2018-06-01 14:34:29', NULL),
(491, 2, 107, 1, 2, 3, 3, 111, '2018-06-01 14:34:29', NULL),
(492, 2, 61, 1, 2, 3, 4, 111, '2018-06-01 14:34:29', NULL),
(493, 2, 61, 1, 2, 3, 5, 111, '2018-06-01 14:34:29', NULL),
(494, 1, 108, 1, 2, 3, 1, 112, '2018-06-01 15:58:40', NULL),
(495, 2, 108, 1, 2, 3, 2, 112, '2018-06-01 15:58:40', NULL),
(496, 2, 108, 1, 2, 3, 3, 112, '2018-06-01 15:58:40', NULL),
(497, 2, 62, 1, 2, 3, 4, 112, '2018-06-01 15:58:40', NULL),
(498, 2, 62, 1, 2, 3, 5, 112, '2018-06-01 15:58:40', NULL),
(499, 1, 109, 1, 2, 3, 1, 113, '2018-06-01 16:02:42', NULL),
(500, 2, 109, 1, 2, 3, 2, 113, '2018-06-01 16:02:42', NULL),
(501, 2, 109, 1, 2, 3, 3, 113, '2018-06-01 16:02:42', NULL),
(502, 2, 63, 1, 2, 3, 4, 113, '2018-06-01 16:02:42', NULL),
(503, 2, 63, 1, 2, 3, 5, 113, '2018-06-01 16:02:42', NULL),
(504, 1, 110, 1, 2, 3, 1, 114, '2018-06-01 16:06:04', NULL),
(505, 2, 110, 1, 2, 3, 2, 114, '2018-06-01 16:06:04', NULL),
(506, 2, 110, 1, 2, 3, 3, 114, '2018-06-01 16:06:04', NULL),
(507, 2, 64, 1, 2, 3, 4, 114, '2018-06-01 16:06:04', NULL),
(508, 2, 64, 1, 2, 3, 5, 114, '2018-06-01 16:06:04', NULL),
(509, 1, 111, 1, 1, 6, 1, 115, '2018-06-01 17:58:13', '2018-06-01 17:58:39'),
(510, 2, 111, 1, 2, 3, 2, 115, '2018-06-01 17:58:13', NULL),
(511, 2, 111, 1, 2, 3, 3, 115, '2018-06-01 17:58:13', NULL),
(512, 2, 65, 1, 2, 3, 4, 115, '2018-06-01 17:58:13', NULL),
(513, 2, 65, 1, 2, 3, 5, 115, '2018-06-01 17:58:13', NULL),
(514, 1, 112, 1, 2, 3, 1, 116, '2018-06-01 18:06:00', NULL),
(515, 2, 112, 1, 2, 3, 2, 116, '2018-06-01 18:06:00', NULL),
(516, 2, 112, 1, 2, 3, 3, 116, '2018-06-01 18:06:00', NULL),
(517, 2, 66, 1, 2, 3, 4, 116, '2018-06-01 18:06:00', NULL),
(518, 2, 66, 1, 2, 3, 5, 116, '2018-06-01 18:06:00', NULL),
(519, 1, 113, 1, 2, 3, 1, 117, '2018-06-01 18:11:48', NULL),
(520, 2, 113, 1, 2, 3, 2, 117, '2018-06-01 18:11:48', NULL),
(521, 2, 113, 1, 2, 3, 3, 117, '2018-06-01 18:11:48', NULL),
(522, 2, 67, 1, 2, 3, 4, 117, '2018-06-01 18:11:48', NULL),
(523, 2, 67, 1, 2, 3, 5, 117, '2018-06-01 18:11:48', NULL),
(524, 1, 114, 1, 2, 3, 1, 118, '2018-06-01 18:18:32', NULL),
(525, 2, 114, 1, 2, 3, 2, 118, '2018-06-01 18:18:32', NULL),
(526, 2, 114, 1, 2, 3, 3, 118, '2018-06-01 18:18:32', NULL),
(527, 2, 68, 1, 2, 3, 4, 118, '2018-06-01 18:18:32', NULL),
(528, 2, 68, 1, 2, 3, 5, 118, '2018-06-01 18:18:32', NULL),
(529, 1, 115, 1, 2, 3, 1, 119, '2018-06-01 18:23:01', NULL),
(530, 2, 115, 1, 2, 3, 2, 119, '2018-06-01 18:23:01', NULL),
(531, 2, 115, 1, 2, 3, 3, 119, '2018-06-01 18:23:01', NULL),
(532, 2, 69, 1, 2, 3, 4, 119, '2018-06-01 18:23:01', NULL),
(533, 2, 69, 1, 2, 3, 5, 119, '2018-06-01 18:23:01', NULL),
(534, 1, 116, 1, 2, 3, 1, 120, '2018-06-01 18:27:30', NULL),
(535, 2, 116, 1, 2, 3, 2, 120, '2018-06-01 18:27:30', NULL),
(536, 2, 116, 1, 2, 3, 3, 120, '2018-06-01 18:27:30', NULL),
(537, 2, 70, 1, 2, 3, 4, 120, '2018-06-01 18:27:30', NULL),
(538, 2, 70, 1, 2, 3, 5, 120, '2018-06-01 18:27:30', NULL),
(539, 1, 117, 1, 2, 3, 1, 121, '2018-06-01 18:32:59', NULL),
(540, 2, 117, 1, 2, 3, 2, 121, '2018-06-01 18:32:59', NULL),
(541, 2, 117, 1, 2, 3, 3, 121, '2018-06-01 18:32:59', NULL),
(542, 2, 71, 1, 2, 3, 4, 121, '2018-06-01 18:32:59', NULL),
(543, 2, 71, 1, 2, 3, 5, 121, '2018-06-01 18:32:59', NULL),
(544, 2, 72, 1, 2, 1, 4, 1, '2018-06-09 09:47:47', NULL),
(545, 1, 73, 1, 2, 4, 4, 4, '2018-06-09 09:47:47', NULL),
(546, 1, 74, 1, 2, 3, 4, 2, '2018-06-09 09:47:47', NULL),
(547, 1, 75, 1, 2, 3, 4, 3, '2018-06-09 09:47:47', NULL),
(548, 2, 76, 1, 2, 2, 4, 5, '2018-06-09 09:47:47', NULL),
(549, 2, 77, 1, 2, 2, 4, 6, '2018-06-09 09:47:47', NULL),
(550, 2, 78, 1, 2, 3, 4, 7, '2018-06-09 09:47:47', NULL),
(551, 2, 79, 1, 2, 3, 4, 8, '2018-06-09 09:47:47', NULL),
(552, 2, 80, 1, 2, 2, 4, 9, '2018-06-09 09:47:47', NULL),
(553, 2, 81, 1, 2, 2, 4, 10, '2018-06-09 09:47:47', NULL),
(554, 2, 82, 1, 2, 2, 4, 11, '2018-06-09 09:47:47', NULL),
(555, 2, 83, 1, 2, 2, 4, 12, '2018-06-09 09:47:47', NULL),
(556, 2, 84, 1, 2, 2, 4, 13, '2018-06-09 09:47:47', NULL),
(557, 2, 85, 1, 2, 2, 4, 14, '2018-06-09 09:47:47', NULL),
(558, 2, 86, 1, 2, 2, 4, 15, '2018-06-09 09:47:47', NULL),
(559, 2, 87, 1, 2, 3, 4, 16, '2018-06-09 09:47:47', NULL),
(560, 2, 88, 1, 2, 3, 4, 17, '2018-06-09 09:47:47', NULL),
(561, 2, 89, 1, 2, 3, 4, 27, '2018-06-09 09:47:47', NULL),
(562, 2, 90, 1, 2, 3, 4, 26, '2018-06-09 09:47:47', NULL),
(563, 2, 91, 1, 2, 3, 4, 21, '2018-06-09 09:47:47', NULL),
(564, 2, 92, 1, 2, 3, 4, 22, '2018-06-09 09:47:47', NULL),
(565, 2, 93, 1, 2, 3, 4, 23, '2018-06-09 09:47:47', NULL),
(566, 2, 94, 1, 2, 3, 4, 24, '2018-06-09 09:47:47', NULL),
(567, 2, 95, 1, 2, 3, 4, 28, '2018-06-09 09:47:47', NULL),
(568, 2, 96, 1, 2, 3, 4, 29, '2018-06-09 09:47:47', NULL),
(569, 2, 97, 1, 2, 3, 4, 30, '2018-06-09 09:47:47', NULL),
(570, 2, 98, 1, 2, 3, 4, 31, '2018-06-09 09:47:47', NULL),
(571, 2, 99, 1, 2, 3, 4, 32, '2018-06-09 09:47:47', NULL),
(572, 2, 100, 1, 2, 3, 4, 33, '2018-06-09 09:47:47', NULL),
(573, 2, 101, 1, 2, 3, 4, 34, '2018-06-09 09:47:47', NULL),
(574, 2, 102, 1, 2, 3, 4, 35, '2018-06-09 09:47:47', NULL),
(575, 2, 103, 1, 2, 3, 4, 36, '2018-06-09 09:47:47', NULL),
(576, 2, 104, 1, 2, 3, 4, 37, '2018-06-09 09:47:47', NULL),
(577, 2, 105, 1, 2, 3, 4, 38, '2018-06-09 09:47:47', NULL),
(578, 2, 106, 1, 2, 3, 4, 39, '2018-06-09 09:47:47', NULL),
(579, 2, 107, 1, 2, 3, 4, 40, '2018-06-09 09:47:47', NULL),
(580, 2, 108, 1, 2, 3, 4, 41, '2018-06-09 09:47:47', NULL),
(581, 2, 109, 1, 2, 3, 4, 42, '2018-06-09 09:47:47', NULL),
(582, 2, 110, 1, 2, 3, 4, 43, '2018-06-09 09:47:47', NULL),
(583, 2, 111, 1, 2, 3, 4, 44, '2018-06-09 09:47:47', NULL),
(584, 2, 112, 1, 2, 3, 4, 45, '2018-06-09 09:47:47', NULL),
(585, 2, 113, 1, 2, 3, 4, 46, '2018-06-09 09:47:47', NULL),
(586, 2, 114, 1, 2, 3, 4, 47, '2018-06-09 09:47:47', NULL),
(587, 2, 115, 1, 2, 3, 4, 48, '2018-06-09 09:47:47', NULL),
(588, 2, 116, 1, 2, 3, 4, 49, '2018-06-09 09:47:47', NULL),
(589, 1, 117, 1, 2, 3, 4, 50, '2018-06-09 09:47:47', NULL),
(590, 1, 72, 2, 1, 1, 5, 1, '2018-06-09 09:47:48', '2018-06-09 09:49:51'),
(591, 1, 73, 2, 1, 4, 5, 4, '2018-06-09 09:47:48', '2018-06-09 09:50:02'),
(592, 1, 74, 1, 2, 3, 5, 2, '2018-06-09 09:47:48', NULL),
(593, 1, 75, 1, 2, 3, 5, 3, '2018-06-09 09:47:48', NULL),
(594, 2, 76, 1, 2, 2, 5, 5, '2018-06-09 09:47:48', NULL),
(595, 2, 77, 1, 2, 2, 5, 6, '2018-06-09 09:47:48', NULL),
(596, 2, 78, 1, 2, 3, 5, 7, '2018-06-09 09:47:48', NULL),
(597, 2, 79, 1, 2, 3, 5, 8, '2018-06-09 09:47:48', NULL),
(598, 2, 80, 1, 2, 2, 5, 9, '2018-06-09 09:47:48', NULL),
(599, 2, 81, 1, 2, 2, 5, 10, '2018-06-09 09:47:48', NULL),
(600, 2, 82, 1, 2, 2, 5, 11, '2018-06-09 09:47:48', NULL),
(601, 2, 83, 1, 2, 2, 5, 12, '2018-06-09 09:47:48', NULL),
(602, 2, 84, 1, 2, 2, 5, 13, '2018-06-09 09:47:48', NULL),
(603, 2, 85, 1, 2, 2, 5, 14, '2018-06-09 09:47:48', NULL),
(604, 2, 86, 1, 2, 2, 5, 15, '2018-06-09 09:47:48', NULL),
(605, 2, 87, 1, 2, 3, 5, 16, '2018-06-09 09:47:48', NULL),
(606, 2, 88, 1, 2, 3, 5, 17, '2018-06-09 09:47:48', NULL),
(607, 2, 89, 1, 2, 3, 5, 27, '2018-06-09 09:47:48', NULL),
(608, 2, 90, 1, 2, 3, 5, 26, '2018-06-09 09:47:48', NULL),
(609, 2, 91, 1, 2, 3, 5, 21, '2018-06-09 09:47:48', NULL),
(610, 2, 92, 1, 2, 3, 5, 22, '2018-06-09 09:47:48', NULL),
(611, 2, 93, 1, 2, 3, 5, 23, '2018-06-09 09:47:48', NULL),
(612, 2, 94, 1, 2, 3, 5, 24, '2018-06-09 09:47:48', NULL),
(613, 2, 95, 1, 2, 3, 5, 28, '2018-06-09 09:47:48', NULL),
(614, 2, 96, 1, 2, 3, 5, 29, '2018-06-09 09:47:48', NULL),
(615, 2, 97, 1, 2, 3, 5, 30, '2018-06-09 09:47:48', NULL),
(616, 2, 98, 1, 2, 3, 5, 31, '2018-06-09 09:47:48', NULL),
(617, 2, 99, 1, 2, 3, 5, 32, '2018-06-09 09:47:48', NULL),
(618, 2, 100, 1, 2, 3, 5, 33, '2018-06-09 09:47:48', NULL),
(619, 2, 101, 1, 2, 3, 5, 34, '2018-06-09 09:47:48', NULL),
(620, 2, 102, 1, 2, 3, 5, 35, '2018-06-09 09:47:48', NULL),
(621, 2, 103, 1, 2, 3, 5, 36, '2018-06-09 09:47:48', NULL),
(622, 2, 104, 1, 2, 3, 5, 37, '2018-06-09 09:47:48', NULL),
(623, 2, 105, 1, 2, 3, 5, 38, '2018-06-09 09:47:48', NULL),
(624, 2, 106, 1, 2, 3, 5, 39, '2018-06-09 09:47:48', NULL),
(625, 2, 107, 1, 2, 3, 5, 40, '2018-06-09 09:47:48', NULL),
(626, 2, 108, 1, 2, 3, 5, 41, '2018-06-09 09:47:48', NULL),
(627, 2, 109, 1, 2, 3, 5, 42, '2018-06-09 09:47:48', NULL),
(628, 2, 110, 1, 2, 3, 5, 43, '2018-06-09 09:47:48', NULL),
(629, 2, 111, 1, 2, 3, 5, 44, '2018-06-09 09:47:48', NULL),
(630, 2, 112, 1, 2, 3, 5, 45, '2018-06-09 09:47:48', NULL),
(631, 2, 113, 1, 2, 3, 5, 46, '2018-06-09 09:47:48', NULL),
(632, 2, 114, 1, 2, 3, 5, 47, '2018-06-09 09:47:48', NULL),
(633, 2, 115, 1, 2, 3, 5, 48, '2018-06-09 09:47:48', NULL),
(634, 2, 116, 1, 2, 3, 5, 49, '2018-06-09 09:47:48', NULL),
(635, 1, 117, 1, 2, 3, 5, 50, '2018-06-09 09:47:48', NULL),
(636, 1, 118, 2, 1, 7, 1, 122, '2021-03-24 11:42:03', '2021-03-24 11:44:28'),
(637, 2, 118, 1, 2, 3, 2, 122, '2021-03-24 11:42:03', NULL),
(638, 2, 118, 1, 2, 3, 3, 122, '2021-03-24 11:42:03', NULL),
(639, 2, 118, 1, 2, 3, 4, 122, '2021-03-24 11:42:03', NULL),
(640, 2, 118, 1, 2, 3, 5, 122, '2021-03-24 11:42:03', NULL),
(641, 1, 119, 1, 2, 3, 1, 123, '2021-03-24 11:55:34', NULL),
(642, 2, 119, 1, 2, 3, 2, 123, '2021-03-24 11:55:34', NULL),
(643, 2, 119, 1, 2, 3, 3, 123, '2021-03-24 11:55:34', NULL),
(644, 2, 119, 1, 2, 3, 4, 123, '2021-03-24 11:55:34', NULL),
(645, 2, 119, 1, 2, 3, 5, 123, '2021-03-24 11:55:34', NULL),
(646, 1, 120, 1, 2, 3, 1, 124, '2021-03-24 11:57:01', NULL),
(647, 2, 120, 1, 2, 3, 2, 124, '2021-03-24 11:57:01', NULL),
(648, 2, 120, 1, 2, 3, 3, 124, '2021-03-24 11:57:01', NULL),
(649, 2, 120, 1, 2, 3, 4, 124, '2021-03-24 11:57:01', NULL),
(650, 2, 120, 1, 2, 3, 5, 124, '2021-03-24 11:57:01', NULL),
(651, 1, 121, 1, 2, 3, 1, 125, '2021-03-24 12:01:28', NULL),
(652, 2, 121, 1, 2, 3, 2, 125, '2021-03-24 12:01:28', NULL),
(653, 2, 121, 1, 2, 3, 3, 125, '2021-03-24 12:01:28', NULL),
(654, 2, 121, 1, 2, 3, 4, 125, '2021-03-24 12:01:28', NULL),
(655, 2, 121, 1, 2, 3, 5, 125, '2021-03-24 12:01:28', NULL),
(656, 1, 122, 1, 2, 3, 1, 126, '2021-03-24 12:04:59', NULL),
(657, 2, 122, 1, 2, 3, 2, 126, '2021-03-24 12:04:59', NULL),
(658, 2, 122, 1, 2, 3, 3, 126, '2021-03-24 12:04:59', NULL),
(659, 2, 122, 1, 2, 3, 4, 126, '2021-03-24 12:04:59', NULL),
(660, 2, 122, 1, 2, 3, 5, 126, '2021-03-24 12:04:59', NULL),
(661, 1, 123, 1, 2, 3, 1, 127, '2021-03-24 12:06:37', NULL),
(662, 2, 123, 1, 2, 3, 2, 127, '2021-03-24 12:06:37', NULL),
(663, 2, 123, 1, 2, 3, 3, 127, '2021-03-24 12:06:37', NULL),
(664, 2, 123, 1, 2, 3, 4, 127, '2021-03-24 12:06:37', NULL),
(665, 2, 123, 1, 2, 3, 5, 127, '2021-03-24 12:06:37', NULL),
(666, 1, 124, 1, 2, 3, 1, 128, '2021-03-24 12:08:14', NULL),
(667, 2, 124, 1, 2, 3, 2, 128, '2021-03-24 12:08:14', NULL),
(668, 2, 124, 1, 2, 3, 3, 128, '2021-03-24 12:08:14', NULL),
(669, 2, 124, 1, 2, 3, 4, 128, '2021-03-24 12:08:14', NULL),
(670, 2, 124, 1, 2, 3, 5, 128, '2021-03-24 12:08:14', NULL),
(671, 1, 125, 1, 2, 3, 1, 129, '2021-03-24 14:22:02', NULL),
(672, 2, 125, 1, 2, 3, 2, 129, '2021-03-24 14:22:02', NULL),
(673, 2, 125, 1, 2, 3, 3, 129, '2021-03-24 14:22:02', NULL),
(674, 2, 125, 1, 2, 3, 4, 129, '2021-03-24 14:22:02', NULL),
(675, 2, 125, 1, 2, 3, 5, 129, '2021-03-24 14:22:02', NULL);

-- --------------------------------------------------------

--
-- Estrutura da tabela `adms_niveis_acessos`
--

CREATE TABLE `adms_niveis_acessos` (
  `id` int(11) NOT NULL,
  `nome` varchar(50) COLLATE utf8_unicode_ci NOT NULL,
  `ordem` int(11) NOT NULL,
  `created` datetime NOT NULL,
  `modified` datetime DEFAULT NULL
) ENGINE=MyISAM DEFAULT CHARSET=utf8 COLLATE=utf8_unicode_ci;

--
-- Extraindo dados da tabela `adms_niveis_acessos`
--

INSERT INTO `adms_niveis_acessos` (`id`, `nome`, `ordem`, `created`, `modified`) VALUES
(1, 'Super Administrador', 1, '2018-03-23 00:00:00', NULL),
(2, 'Administrador', 2, '2018-03-23 00:00:00', '2018-03-18 14:01:00'),
(3, 'Colaborador', 3, '2018-03-23 00:00:00', '2018-03-21 22:17:40'),
(4, 'Financeiro', 4, '2018-03-18 12:46:00', '2018-03-21 22:17:40'),
(5, 'Cliente', 5, '2018-05-01 16:01:08', NULL);

-- --------------------------------------------------------

--
-- Estrutura da tabela `adms_paginas`
--

CREATE TABLE `adms_paginas` (
  `id` int(11) NOT NULL,
  `nome_pagina` varchar(220) COLLATE utf8_unicode_ci NOT NULL,
  `endereco` varchar(220) COLLATE utf8_unicode_ci NOT NULL,
  `obs` text COLLATE utf8_unicode_ci DEFAULT NULL,
  `keywords` varchar(220) COLLATE utf8_unicode_ci NOT NULL,
  `description` varchar(220) COLLATE utf8_unicode_ci NOT NULL,
  `author` varchar(50) COLLATE utf8_unicode_ci NOT NULL,
  `lib_pub` int(11) NOT NULL DEFAULT 2,
  `icone` varchar(40) COLLATE utf8_unicode_ci DEFAULT NULL,
  `depend_pg` int(11) NOT NULL DEFAULT 0,
  `adms_grps_pg_id` int(11) NOT NULL,
  `adms_tps_pg_id` varchar(50) COLLATE utf8_unicode_ci NOT NULL,
  `adms_robot_id` int(11) NOT NULL DEFAULT 4,
  `adms_sits_pg_id` int(11) NOT NULL DEFAULT 1,
  `created` datetime NOT NULL,
  `modified` datetime DEFAULT NULL
) ENGINE=MyISAM DEFAULT CHARSET=utf8 COLLATE=utf8_unicode_ci;

--
-- Extraindo dados da tabela `adms_paginas`
--

INSERT INTO `adms_paginas` (`id`, `nome_pagina`, `endereco`, `obs`, `keywords`, `description`, `author`, `lib_pub`, `icone`, `depend_pg`, `adms_grps_pg_id`, `adms_tps_pg_id`, `adms_robot_id`, `adms_sits_pg_id`, `created`, `modified`) VALUES
(1, 'Home', 'visualizar/home', 'Pagina home', 'home', 'pagina home', 'Celke', 2, 'fas fa-tachometer-alt', 0, 5, '1', 4, 1, '2018-03-23 00:00:00', NULL),
(4, 'Sair', 'acesso/sair', 'Sair do ADM', 'Sair do ADM', 'Sair do ADM', 'Celke', 1, 'fas fa-sign-out-alt', 0, 7, '1', 4, 1, '2018-03-23 00:00:00', NULL),
(2, 'Login', 'acesso/login', 'Pagina de login do ADM', 'celke pagina login', 'celke pagina login', 'Celke', 1, NULL, 0, 7, '1', 1, 1, '2018-03-23 00:00:00', NULL),
(3, 'Validar Login', 'acesso/valida', 'Validar Login', 'Validar Login', 'Validar Login', 'Celke', 1, NULL, 2, 7, '1', 4, 1, '2018-03-23 00:00:00', NULL),
(5, 'Usuarios', 'listar/list_usuario', 'Pagina para listar usuarios', 'Listar usuarios', 'Listar usuarios', 'Celke', 2, 'fas fa-users', 0, 1, '1', 4, 1, '2018-03-23 00:00:00', '2018-03-22 22:47:36'),
(6, 'Nivel de Acesso', 'listar/list_niv_aces', 'Pagina para listar nivel de acesso', 'Listar nivel de acesso', 'Listar nivel de acesso', 'Celke', 2, 'fas fa-key', 0, 1, '1', 4, 1, '2018-03-23 00:00:00', '2018-03-22 22:43:34'),
(7, 'Paginas', 'listar/list_pagina', 'Pagina para listar as paginas do ADM', 'Listar pagina', 'Listar pagina', 'Celke', 2, 'fas fa-file-alt', 0, 1, '1', 4, 1, '2018-03-23 00:00:00', NULL),
(8, 'Menu', 'listar/list_menu', 'Pagina para listar os itens do menu', 'Pagina para listar os itens do menu', 'Pagina para listar os itens do menu', 'Celke', 2, 'fab fa-elementor', 0, 1, '1', 4, 1, '2018-03-23 00:00:00', NULL),
(9, 'Cadastrar Nível de Acesso', 'cadastrar/cad_niv_aces', 'Pagina para Cadastrar Nível de Acesso', 'Cadastrar Nivel de Acesso', 'Cadastrar Nivel de Acesso', 'Celke', 2, '', 0, 2, '1', 4, 1, '2018-03-23 00:00:00', '2018-03-22 21:33:52'),
(10, 'Visualizar nivel de acesso', 'visualizar/vis_niv_aces', 'Pagina para Visualizar nivel de acesso', 'Pagina para Visualizar nivel de acesso', 'Pagina para Visualizar nivel de acesso', 'Celke', 2, NULL, 0, 5, '1', 4, 1, '2018-03-23 00:00:00', NULL),
(11, 'Editar nivel de acesso', 'editar/edit_niv_aces', 'Pagina para editar nivel de acesso', 'Pagina para editar nivel de acesso', 'Pagina para editar nivel de acesso', 'Celke', 2, NULL, 0, 3, '1', 4, 1, '2018-03-23 00:00:00', NULL),
(12, 'Apagar nivel de acesso', 'processa/apagar_niv_aces', 'Pagina para apagar nivel de acesso', 'Pagina para apagar nivel de acesso', 'Pagina para apagar nivel de acesso', 'Celke', 2, NULL, 0, 4, '1', 4, 1, '2018-03-23 00:00:00', NULL),
(13, 'Proc o form cadastrar nivel de acesso', 'processa/proc_cad_niv_aces', 'Processa o formulario cadastrar nivel de acesso', 'Processa o formulario cadastrar nivel de acesso', 'Processa o formulario cadastrar nivel de acesso', 'Celke', 2, NULL, 9, 2, '1', 4, 1, '2018-03-23 00:00:00', NULL),
(14, 'Proc o form editar nivel de acesso', 'processa/proc_edit_niv_aces', NULL, 'Processa o formulario editar nivel de acesso', 'Processa o formulario editar nivel de acesso', 'Celke', 2, NULL, 11, 3, '1', 4, 1, '2018-03-23 00:00:00', NULL),
(15, 'Alterar ordem do nivel de acesso', 'processa/proc_ordem_niv_aces', 'Pagina para Alterar ordem do nivel de acesso', 'Alterar ordem do nivel de acesso', 'Alterar ordem do nivel de acesso', 'Celke', 2, NULL, 0, 6, '1', 4, 1, '2018-03-23 00:00:00', NULL),
(16, 'Cadastrar pagina', 'cadastrar/cad_pagina', 'Formulario para Cadastrar pagina', 'Cadastrar pagina', 'Cadastrar pagina', 'Celke', 2, NULL, 0, 2, '1', 4, 1, '2018-03-23 00:00:00', NULL),
(17, 'Procr o form cadastrar pagina', 'processa/proc_cad_pagina', 'Pagina para processar o formulario cadastrar pagina', 'Processar o formulario cadastrar pagina', 'Processar o formulario cadastrar pagina', 'Celke', 2, NULL, 16, 2, '1', 4, 1, '2018-03-23 00:00:00', NULL),
(27, 'Proc Liberar Permissão', 'processa/proc_lib_per', 'Página para liberar permissão', 'Proc Liberar Permissao', 'Proc Liberar Permissao', 'Celke', 2, '', 0, 3, '1', 4, 1, '2018-03-21 21:56:03', NULL),
(26, 'Permissão', 'listar/list_permissao', 'Página para listar as permissÃµes', 'Permissao', 'Permissao', 'Celke', 2, '', 0, 1, '1', 4, 1, '2018-03-21 20:16:19', NULL),
(21, 'Apagar Página', 'processa/apagar_pagina', 'Página para Apagar Página', 'Apagar Pagina', 'Apagar Pagina', 'Celke', 2, '', 0, 4, '1', 4, 1, '2018-03-19 18:06:40', NULL),
(22, 'Visualizar Página', 'visualizar/vis_pagina', 'Página para visualizar detalhes da página', 'Visualizar Pagina', 'Visualizar Pagina', 'Celke', 2, '', 0, 5, '1', 4, 1, '2018-03-21 12:39:49', NULL),
(23, 'Editar Página', 'editar/edit_pagina', 'Formulário para Editar Página', 'Editar Pagina', 'Editar Pagina', 'Celke', 2, '', 0, 3, '1', 4, 1, '2018-03-21 16:43:09', '2018-03-21 22:55:13'),
(24, 'Proc form edita pagina', 'processa/proc_edit_pagina', 'Página para processar o formulário editar a página', 'Proc form edita pagina', 'Proc form edita pagina', 'Celke', 2, '', 23, 3, '1', 4, 1, '2018-03-21 17:46:32', '2018-03-21 22:56:16'),
(28, 'Liberar Menu', 'processa/proc_lib_menu', 'Página para Liberar item Menu', 'Liberar Menu', 'Liberar Menu', 'Celke', 2, '', 0, 3, '1', 4, 1, '2018-03-22 17:14:57', NULL),
(29, 'Liberar Dropdown no menu', 'processa/proc_lib_dropdown', 'Página para Liberar Dropdown no menu', 'Liberar Dropdown no menu', 'Liberar Dropdown no menu', 'Celke', 2, '', 0, 3, '1', 4, 1, '2018-03-22 18:24:19', NULL),
(30, 'Alterar Ordem do Menu', 'processa/proc_ordem_menu', 'Página para Alterar Ordem do Menu', 'Alterar Ordem do Menu', 'Alterar Ordem do Menu', 'Celke', 2, '', 0, 3, '1', 4, 1, '2018-03-22 19:21:32', NULL),
(31, 'Sincronizar Paginas', 'processa/proc_sincro_nivac_pg', 'Página para Sincronizar Paginas com nível de acesso', 'Sincronizar Paginas', 'Sincronizar Paginas', 'Celke', 2, '', 0, 3, '1', 4, 1, '2018-03-22 20:30:26', NULL),
(32, 'Editar ícone do menu', 'editar/edit_permissao', 'Página para editar o ícone do item do menu', 'Editar icone do menu', 'Editar icone do menu', 'Celke', 2, '', 0, 3, '1', 4, 1, '2018-03-22 22:15:13', '2018-03-22 22:26:41'),
(33, 'Proc form edita permissão', 'processa/proc_edit_permissao', 'Página para processar o formulário editar permissão', 'Proc form edita permissão', 'Proc form edita permissão', 'Celke', 2, '', 32, 3, '1', 4, 1, '2018-03-22 22:27:12', '2018-03-22 22:27:46'),
(34, 'Cadastrar Menu', 'cadastrar/cad_menu', 'Página para Cadastrar Menu', 'Cadastrar Menu', 'Cadastrar Menu', 'Celke', 2, '', 0, 2, '1', 4, 1, '2018-04-04 10:23:29', NULL),
(35, 'Proc Form Cad Menu', 'processa/proc_cad_menu', 'Página para processar o formulário cadastrar menu', 'Processar o formulario cadastrar menu', 'Processar o formulario cadastrar menu', 'Celke', 2, '', 34, 2, '1', 4, 1, '2018-04-04 10:40:36', NULL),
(36, 'Editar Menu', 'editar/edit_menu', 'Formulário para Editar Menu', 'Editar Menu', 'Editar Menu', 'Celke', 2, '', 0, 3, '1', 4, 1, '2018-04-04 12:26:09', '2018-04-04 12:27:40'),
(37, 'Proc Form Edit Menu', 'processa/proc_edit_menu', 'Processar o formulário editar item de menu', 'Processar o formulario editar item de menu', 'Processar o formulario editar item de menu', 'Celke', 2, '', 36, 3, '1', 4, 1, '2018-04-04 12:50:27', NULL),
(38, 'Visualizar Menu', 'visualizar/vis_menu', 'Página para Visualizar Menu', 'Visualizar Menu', 'Visualizar Menu', 'Celke', 2, '', 0, 5, '1', 4, 1, '2018-04-09 15:22:37', NULL),
(39, 'Apagar Menu', 'processa/apagar_menu', 'Página para Apagar Menu', 'Apagar Menu', 'Apagar Menu', 'Celke', 2, '', 0, 4, '1', 4, 1, '2018-04-09 15:54:43', NULL),
(40, 'Alterar ordem item menu', 'processa/proc_ordem_menu_item', 'Página para alterar ordem item menu', 'Alterar ordem item menu', 'Alterar ordem item menu', 'Celke', 2, '', 0, 3, '1', 4, 1, '2018-04-12 12:12:17', NULL),
(41, 'Cadastrar Usuário', 'cadastrar/cad_usuario', 'Formulário para cadastrar usuário', 'Cadastrar Usuario', 'Cadastrar Usuario', 'Celke', 2, '', 0, 2, '1', 4, 1, '2018-04-14 21:23:48', NULL),
(42, 'Proc Form Cad User', 'processa/proc_cad_usuario', 'Página para processar a página cadastrar usuário', 'Processar o formulario cadastrar usuario', 'Processar o formulario cadastrar usuario', 'Celke', 2, '', 41, 2, '1', 4, 1, '2018-04-14 21:49:39', NULL),
(43, 'Visualizar usuário', 'visualizar/vis_usuario', 'Página para visualizar usuário', 'visualizar usuario', 'visualizar usuario', 'Celke', 2, '', 0, 5, '1', 4, 1, '2018-04-20 17:50:56', NULL),
(44, 'Editar usuário', 'editar/edit_usuario', 'Formulário para editar o usuário', 'Formulario para editar o usuario', 'Formulario para editar o usuario', 'Celke', 2, '', 0, 3, '1', 4, 1, '2018-04-22 09:00:33', '2018-04-22 09:49:54'),
(45, 'Proc Form Edit Usuario', 'processa/proc_edit_usuario', 'Página para processar o formulário editar usuário', 'Pagina para processar o formulário editar usuario', 'Pagina para processar o formulário editar usuario', 'Celke', 2, '', 44, 3, '1', 4, 1, '2018-04-22 09:50:59', NULL),
(46, 'Apagar usuário', 'processa/apagar_usuario', 'Página para apagar usuário', 'Apagar usuario', 'Apagar usuario', 'Celke', 2, '', 0, 4, '1', 4, 1, '2018-04-22 11:18:16', NULL),
(47, 'Visualizar Perfil', 'visualizar/vis_perfil', 'Usuário Visualizar Perfil', 'Visualizar Perfil', 'Visualizar Perfil', 'Celke', 2, '', 0, 5, '1', 4, 1, '2018-04-22 13:50:45', NULL),
(48, 'Editar Perfil', 'editar/edit_perfil', 'Formulário para Editar Perfil', 'Editar Perfil', 'Editar Perfil', 'Celke', 2, '', 0, 3, '1', 4, 1, '2018-04-22 14:04:38', NULL),
(49, 'Proc Form Edit Perfil', 'processa/proc_edit_perfil', 'Página para processar o formulário editar perfil', 'Processar o formulario editar perfil', 'Processar o formulario editar perfil', 'Celke', 2, '', 48, 3, '1', 4, 1, '2018-04-22 14:15:52', NULL),
(50, 'Cadastrar usuário no login', 'cadastrar/cad_user_login', 'Página para cadastrar usuário no login', 'Cadastrar usuario no login', 'Cadastrar usuario no login', 'Celke', 1, '', 0, 2, '1', 4, 1, '2018-05-01 15:38:25', NULL),
(51, 'Cadastro Login', 'editar/edit_cad_user_login', 'Formulário para editar o nível de acesso e a situação do formulário cadastrar usuário na página de login', 'Editar Cadastro Usuario login', 'Editar Cadastro Usuario login', 'Celke', 2, 'fas fa-edit', 0, 3, '1', 4, 1, '2018-05-01 16:40:55', '2018-05-01 17:00:44'),
(52, 'Proc Form Cad User Login', 'processa/proc_cad_user_login', 'Página para processar o formulário utilizado para editar o nível de acesso e a situação do formulário cadastrar usuário atravÃ©s da página de login', 'Formulario cadastrar usuario no login', 'Formulario cadastrar usuario no login', 'Celke', 2, '', 51, 3, '1', 4, 1, '2018-05-01 17:06:00', NULL),
(53, 'Credenciais E-mail', 'editar/edit_cred_email', 'Formulário para editar as credenciais de envio de e-mail', 'Credenciais E-mail', 'Credenciais E-mail', 'Celke', 2, 'fas fa-at', 0, 3, '1', 4, 1, '2018-05-02 23:57:08', '2018-05-02 23:57:35'),
(54, 'Processar formulário credenciais e-mail', 'processa/proc_edit_cred_email', 'Página para processar o formulário editar credenciais de envio de e-mail', 'Processar formulario credenciais e-mail', 'Processar formulario credenciais e-mail', 'Celke', 2, '', 53, 3, '1', 4, 1, '2018-05-03 00:04:59', NULL),
(55, 'Validar E-mail', 'acesso/valida_email', 'Página para validar e-mail', 'Validar E-mail', 'Validar E-mail', 'Celke', 1, '', 0, 3, '1', 4, 1, '2018-05-04 12:42:15', NULL),
(56, 'Recuperar Login', 'acesso/recuper_login', 'Formulário para recuperar login', 'Recuperar Login', 'Recuperar Login', 'Celke', 1, '', 0, 7, '1', 4, 1, '2018-05-04 13:10:17', NULL),
(57, 'Atualizar a Senha', 'acesso/atual_senha', 'Formulário para atualizar a senha', 'Atualizar a Senha', 'Atualizar a Senha', 'Celke', 1, '', 0, 7, '1', 4, 1, '2018-05-05 16:36:02', NULL),
(58, 'Página do Site', 'listar/sts_list_pagina', 'Listar as página do site', 'Pagina do Site', 'Pagina do Site', 'Celke', 2, 'fas fa-file-alt', 0, 1, '2', 4, 1, '2018-05-06 12:26:10', '2018-05-12 13:48:47'),
(59, 'Liberar menu site', 'processa/proc_sts_lib_menu', 'Página para liberar item de menu no site', 'Liberar menu site', 'Liberar menu site', 'Celke', 2, '', 0, 3, '2', 4, 1, '2018-05-06 13:49:37', NULL),
(60, 'Ordem menu site', 'processa/proc_sts_ordem_menu', 'Página para alterar a ordem dos itens de menu do site', 'Ordem menu site', 'Ordem menu site', 'Celke', 2, '', 0, 3, '2', 4, 1, '2018-05-06 14:54:26', NULL),
(61, 'Cadastrar página site', 'cadastrar/sts_cad_pagina', 'Formulário para cadastrar página do site', 'Cadastrar pagina site', 'Cadastrar pagina site', 'Celke', 2, '', 0, 2, '2', 4, 1, '2018-05-06 15:13:52', NULL),
(62, 'Proc Form Sts Cad Página', 'processa/proc_sts_cad_pagina', 'Página para processar o formulário cadastrar página do site', 'Cadastrar pagina do site', 'Cadastrar pagina do site', 'Celke', 2, '', 61, 2, '2', 4, 1, '2018-05-11 12:50:42', NULL),
(63, 'Visualizar Pg do Site', 'visualizar/sts_vis_pagina', 'Página para visualizar os detalhes da página do site', 'Visualizar Pg do Site', 'Visualizar Pg do Site', 'Celke', 2, '', 0, 5, '2', 4, 1, '2018-05-12 13:18:42', NULL),
(64, 'Editar página do site', 'editar/sts_edit_pagina', 'Formulário para editar página do site', 'Editar pagina do site', 'Editar pagina do site', 'Celke', 2, '', 0, 3, '2', 4, 1, '2018-05-16 11:25:25', NULL),
(65, 'Proc Form Edit Pagina Site', 'processa/proc_sts_edit_pagina', 'Página para processar o formulário editar página do site', 'Processar o formulario editar pagina do site', 'Processar o formulario editar pagina do site', 'Celke', 2, '', 64, 3, '2', 4, 1, '2018-05-16 11:53:31', NULL),
(66, 'Apagar página do site', 'processa/sts_apagar_pagina', 'Apagar página do site', 'Apagar pagina do site', 'Apagar pagina do site', 'Celke', 2, '', 0, 4, '2', 4, 1, '2018-05-16 12:30:02', NULL),
(67, 'Listar Carousels', 'listar/sts_list_carousel', 'Listar Carousels', 'Listar Carousels', 'Listar Carousels', 'Celke', 2, 'fas fa-sliders-h', 0, 1, '2', 4, 1, '2018-05-16 14:20:19', '2018-05-16 14:37:58'),
(68, 'Cadastrar Carousel', 'cadastrar/sts_cad_carousel', 'Cadastrar Carousel', 'Cadastrar Carousel', 'Cadastrar Carousel', 'Celke', 2, '', 0, 2, '2', 4, 1, '2018-05-16 15:00:02', NULL),
(69, 'Proc Cad Carousel', 'processa/proc_sts_cad_carousel', 'Página para processar o formulário cadastrar carousel', 'Proc Cad Carousel', 'Proc Cad Carousel', 'Celke', 2, '', 68, 2, '2', 4, 1, '2018-05-16 15:36:49', NULL),
(70, 'Editar Carousel', 'editar/sts_edit_carousel', 'Formulário para editar o carousel', 'Editar Carousel', 'Editar Carousel', 'Celke', 2, 'fas fa-wrench', 0, 3, '2', 4, 1, '2018-05-16 15:47:18', '2018-05-17 12:56:51'),
(71, 'Proc Form Edit Carousel', 'processa/proc_sts_edit_carousel', 'Página para processar o formulário editar carousel', 'Processar o formulario editar carousel', 'Processar o formulario editar carousel', 'Celke', 2, '', 70, 3, '2', 4, 1, '2018-05-16 16:01:43', NULL),
(72, 'Visualizar Carousel', 'visualizar/sts_vis_carousel', 'Página para visualizar detalhes do carousel', 'Visualizar Carousel', 'Visualizar Carousel', 'Celke', 2, '', 0, 5, '2', 4, 1, '2018-05-16 16:09:53', NULL),
(73, 'Apagar carousel', 'processa/sts_apagar_carousel', 'Apagar carousel', 'Apagar carousel', 'Apagar carousel', 'Celke', 2, '', 0, 4, '2', 4, 1, '2018-05-16 16:32:18', NULL),
(74, 'Alterar ordem carousel', 'processa/proc_sts_ordem_car', 'Processa o alterar ordem carousel', 'Alterar ordem carousel', 'Alterar ordem carousel', 'Celke', 2, '', 0, 3, '2', 4, 1, '2018-05-16 16:52:52', NULL),
(75, 'Editar Serviços', 'editar/sts_edit_servico', 'Formulário para editar serviços', 'Editar Servicos', 'Editar Servicos', 'Celke', 2, 'fas fa-wrench', 0, 3, '2', 4, 1, '2018-05-17 12:56:14', '2018-05-17 13:02:35'),
(76, 'Proc Form Edit Serviços', 'processa/proc_sts_edit_servico', 'Página para processar o formulário editar serviços', 'Processar o formulario editar servicos', 'Processar o formulario editar servicos', 'Celke', 2, '', 75, 3, '2', 4, 1, '2018-05-17 13:30:04', NULL),
(77, 'Editar Vídeo', 'editar/sts_edit_video', 'Formulário para editar vídeos da página inicial', 'Cadastrar Video', 'Cadastrar Video', 'Celke', 2, 'fas fa-video', 0, 3, '2', 4, 1, '2018-05-17 14:00:20', '2018-05-17 15:56:15'),
(78, 'Proc Form Edit Vídeo', 'processa/proc_sts_edit_video', 'Página para processar o formulário editar vídeo', 'Processar o formulario editar video', 'Processar o formulario editar video', 'Celke', 2, '', 77, 3, '2', 4, 1, '2018-05-17 15:58:26', NULL),
(79, 'Editar Produto', 'editar/sts_edit_produto_old', 'Página para editar o produto da página inicial', 'Editar Produto', 'Editar Produto', 'Celke', 2, 'fas fa-dolly', 0, 3, '2', 4, 1, '2018-05-25 13:31:24', '2021-03-24 11:59:52'),
(80, 'Proc Form Edit Produto', 'processa/proc_sts_edit_produto_old', 'Página para processar o formulário editar produto na página inicial', 'Processar o formulario editar produto', 'Processar o formulario editar produto', 'Celke', 2, '', 79, 3, '2', 4, 1, '2018-05-25 14:06:20', '2021-03-24 12:00:13'),
(81, 'Editar Formulário E-mail', 'editar/sts_edit_form_email', 'Formulário para editar as informaçÃµes da parte do site para o usuário inserir o e-mail', 'Editar Formulario E-mail', 'Editar Formulario E-mail', 'Celke', 2, 'fas fa-at', 0, 3, '2', 4, 1, '2018-05-26 18:35:39', '2018-05-26 18:37:11'),
(82, 'Proc Form Edit Form E-mail', 'processa/proc_sts_edit_form_email', 'Página para processar o formulário editar o dados da área inserir e-mail na página inicial', 'Processar o formulario editar formulario e-mail', 'Processar o formulario editar formulario e-mail', 'Celke', 2, '', 81, 3, '2', 4, 1, '2018-05-26 18:54:14', NULL),
(83, 'Pergunta e Resposta', 'listar/sts_list_perg_resp', 'Página para listar pergunta e resposta', 'Listar Pergunta e Resposta', 'Listar Pergunta e Resposta', 'Celke', 2, 'far fa-question-circle', 0, 1, '2', 4, 1, '2018-05-27 11:01:41', '2018-05-27 11:02:34'),
(84, 'Visualizar Perguntas e Respostas', 'visualizar/sts_vis_perg_resp', 'Página para Visualizar Perguntas e Respostas', 'Visualizar Perguntas e Respostas', 'Visualizar Perguntas e Respostas', 'Celke', 2, '', 0, 5, '2', 4, 1, '2018-05-27 13:54:05', NULL),
(85, 'Cadastrar Pegunta e Resposta', 'cadastrar/sts_cad_perg_resp', 'Formulário para Cadastrar Pegunta e Resposta', 'Cadastrar Pegunta e Resposta', 'Cadastrar Pegunta e Resposta', 'Celke', 2, '', 0, 2, '2', 4, 1, '2018-05-27 14:00:39', NULL),
(86, 'Proc Form Cad Perg e Resp', 'processa/proc_sts_cad_perg_resp', 'Página para processar o formulário para cadastrar pergunta e resposta', 'Processar o formulario para cadastrar pergunta e resposta', 'Processar o formulario para cadastrar pergunta e resposta', 'Celke', 2, '', 85, 2, '2', 3, 1, '2018-05-27 14:07:06', NULL),
(87, 'Editar Pergunta e Resposta', 'editar/sts_edit_perg_resp', 'Formulário para Editar Pergunta e Resposta', 'Editar Pergunta e Resposta', 'Editar Pergunta e Resposta', 'Celke', 2, '', 0, 3, '2', 4, 1, '2018-05-27 14:12:11', NULL),
(88, 'Proc Form Edit Perg Resp', 'processa/proc_sts_edit_perg_resp', 'Página para processar o formulário editar pergunta e resposta', 'Processar o formulario editar pergunta e resposta', 'Processar o formulario editar pergunta e resposta', 'Celke', 1, '', 87, 3, '2', 4, 1, '2018-05-27 14:20:08', NULL),
(89, 'Alterar ordem pergunta e resposta', 'processa/proc_sts_ordem_perg', 'Alterar ordem pergunta e resposta', 'Alterar ordem pergunta e resposta', 'Alterar ordem pergunta e resposta', 'Celke', 2, '', 0, 6, '2', 4, 1, '2018-05-27 14:27:24', NULL),
(90, 'Apagar pergunta e resposta', 'processa/sts_apagar_perg_resp', 'Página para apagar pergunta e resposta', 'Apagar pergunta e resposta', 'Apagar pergunta e resposta', 'Celke', 2, '', 0, 4, '2', 4, 1, '2018-05-27 14:28:45', NULL),
(91, 'Sobre Empresa', 'listar/sts_list_sob_emp', 'Listar os registros sobre empresa', 'Sobre Empresa', 'Sobre Empresa', 'Celke', 2, 'fas fa-newspaper', 0, 1, '2', 4, 1, '2018-05-27 15:58:39', '2018-05-27 16:00:00'),
(92, 'Visualizar Sobre Empresa', 'visualizar/sts_vis_sob_emp', 'Página para Visualizar Detalhes Sobre Empresa', 'Visualizar Sobre Empresa', 'Visualizar Sobre Empresa', 'Celke', 2, '', 0, 5, '2', 4, 1, '2018-05-27 16:08:51', NULL),
(93, 'Editar Sobre Empresa', 'editar/sts_edit_sob_emp', 'Formulário para Editar Sobre Empresa', 'Editar Sobre Empresa', 'Editar Sobre Empresa', 'Celke', 2, '', 0, 3, '2', 4, 1, '2018-05-27 16:25:41', NULL),
(94, 'Proc Form Edit Sob Emp', 'processa/proc_sts_edit_sob_emp', 'Página para processar o formulário editar sobre empresa', 'Processar o formulario editar sobre empresa', 'Processar o formulario editar sobre empresa', 'Celke', 2, '', 93, 3, '2', 4, 1, '2018-05-27 16:29:21', NULL),
(95, 'Cadastrar Sobre Empresa', 'cadastrar/sts_cad_sob_emp', 'Formulário para Cadastrar Sobre Empresa', 'Cadastrar Sobre Empresa', 'Cadastrar Sobre Empresa', 'Celke', 2, '', 0, 2, '2', 4, 1, '2018-05-31 17:07:09', NULL),
(96, 'Proc From Sob Emp', 'processa/proc_sts_cad_sob_emp', 'Página para processar o formulário cadastrar sobre empresa', 'Formulario cadastrar sobre empresa', 'Formulario cadastrar sobre empresa', 'Celke', 2, '', 95, 2, '2', 4, 1, '2018-05-31 17:16:35', NULL),
(97, 'Ordem Sobre Empresa', 'processa/proc_sts_ordem_sob_emp', 'Alterar ordem dos itens sobre empresa', 'Alterar ordem dos itens sobre empresa', 'Alterar ordem dos itens sobre empresa', 'Celke', 2, '', 0, 3, '2', 4, 1, '2018-05-31 17:22:51', NULL),
(98, 'Apagar Sobre Empresa', 'processa/sts_apagar_sob_emp', 'Página para Apagar Sobre Empresa', 'Apagar Sobre Empresa', 'Apagar Sobre Empresa', 'Celke', 2, '', 0, 4, '2', 4, 1, '2018-05-31 17:26:16', NULL),
(99, 'Editar Sobre Autor', 'editar/sts_edit_blog_sobre', 'Formulário para editar Sobre Autor', 'Sobre Autor', 'Sobre Autor', 'Celke', 2, 'far fa-id-card', 0, 3, '2', 4, 1, '2018-05-31 19:13:50', '2018-05-31 19:23:08'),
(100, 'Proc Form Edit Sobre Autor', 'processa/proc_sts_edit_blog_sobre', 'Formulário Editar Sobre Autor', 'Editar Sobre Autor', 'Editar Sobre Autor', 'Celke', 2, '', 99, 3, '2', 4, 1, '2018-05-31 19:23:29', '2018-05-31 19:38:32'),
(101, 'Listar Artigos', 'listar/sts_list_artigo', 'Página para listar os artigos', 'Listar Artigo', 'Listar Artigo', 'Celke', 2, 'fas fa-newspaper', 0, 1, '2', 4, 1, '2018-06-01 12:00:25', '2021-03-24 11:39:41'),
(102, 'Cadastrar Artigo', 'cadastrar/sts_cad_artigo', 'Formulário para Cadastrar Artigo', 'Cadastrar Artigo', 'Cadastrar Artigo', 'Celke', 2, '', 0, 2, '2', 4, 1, '2018-06-01 12:01:16', NULL),
(103, 'Proc Cad Artigo', 'processa/proc_sts_cad_artigo', 'Página para processar o formulário cadastrar artigo', 'Processar o formulario cadastrar artigo', 'Processar o formulario cadastrar artigo', 'Celke', 2, '', 102, 2, '2', 4, 1, '2018-06-01 12:02:25', NULL),
(104, 'Visualizar Artigo', 'visualizar/sts_vis_artigo', 'Página para ver detalhes do artigo', 'Visualizar Artigo', 'Visualizar Artigo', 'Celke', 2, '', 0, 5, '2', 4, 1, '2018-06-01 12:03:43', NULL),
(105, 'Editar Artigo', 'editar/sts_edit_artigo', 'Formulário para Editar Artigo', 'Editar Artigo', 'Editar Artigo', 'Celke', 2, '', 0, 3, '2', 4, 1, '2018-06-01 12:04:32', NULL),
(106, 'Proc Edit Artigo', 'processa/proc_sts_edit_artigo', 'Página para processar o formulário editar artigo', 'Processar o formulario editar artigo', 'Processar o formulario editar artigo', 'Celke', 2, '', 105, 3, '2', 4, 1, '2018-06-01 12:05:45', NULL),
(107, 'Apagar Artigo', 'processa/sts_apagar_artigo', 'Página para Apagar Artigo', 'Apagar Artigo', 'Apagar Artigo', 'Celke', 2, '', 0, 4, '2', 4, 1, '2018-06-01 12:07:57', '2018-06-01 12:08:50'),
(108, 'Listar Categoria de Produto', 'listar/sts_list_cat_produto', 'Listar as Categoria dos Produto', 'Categoria de Produto', 'Categoria de Produto', 'WICODE', 2, 'fas fa-clipboard-list', 0, 1, '2', 4, 1, '2018-06-01 14:18:55', '2021-03-24 20:25:12'),
(109, 'Visualizar Cat Produto', 'visualizar/sts_vis_cat_produto', 'Página para ver detalhes da categoria de Produtos', 'Visualizar Categoria Produtos', 'Visualizar Categoria Produtos', 'WICODE', 2, 'fas fa-location-arrow', 0, 5, '2', 4, 1, '2018-06-01 14:25:54', '2021-03-24 20:12:26'),
(110, 'Editar categoria de Produto', 'editar/sts_edit_cat_produto', 'Formulário para Editar categoria de Produto', 'Editar categoria de Produto', 'Editar categoria de Produto', 'Celke', 2, '', 0, 3, '2', 4, 1, '2018-06-01 14:30:34', '2021-03-24 22:29:08'),
(111, 'Proc Edit Cat Produto', 'processa/proc_sts_edit_cat_produto', 'Página para processar o formulário editar categoria de Produto', 'Processar o formulario editar categoria de Produto', 'Processar o formulario editar categoria de Produto', 'WICODE', 2, '', 110, 3, '2', 4, 1, '2018-06-01 14:34:29', '2021-03-24 22:27:43'),
(112, 'Cadastrar Categoria de Produto', 'cadastrar/sts_cad_cat_produto', 'Formulário para Cadastrar Categoria de Produto', 'Cadastrar Categoria de Produto', 'Cadastrar Categoria de Produto', 'WICODE', 2, '', 0, 2, '2', 4, 1, '2018-06-01 15:58:40', '2021-03-24 20:46:56'),
(113, 'Processa Cat Produto', 'processa/proc_sts_cad_cat_produto', 'Página para processar o formulário editar categoria de artigo', 'Processar o formulario editar categoria de artigo', 'Processar o formulario editar categoria de artigo', 'WICODE', 2, '', 112, 2, '2', 4, 1, '2018-06-01 16:02:42', '2021-03-24 20:49:01'),
(114, 'Apagar categoria de artigo', 'processa/sts_apagar_cat_produto', 'Página para apagar a categoria de artigo', 'Apagar categoria de artigo', 'Apagar categoria de artigo', 'Celke', 2, '', 0, 4, '2', 4, 1, '2018-06-01 16:06:03', '2021-03-24 22:50:23'),
(115, 'Contato', 'listar/sts_list_contato', 'Página para listar as mensagens de contato', 'Listar mensagens de contato', 'Listar mensagens de contato', 'Celke', 2, 'far fa-envelope', 0, 1, '2', 4, 1, '2018-06-01 17:58:13', '2018-06-01 17:58:39'),
(116, 'Visualizar detalhes contato', 'visualizar/sts_vis_contato', 'Página para ver detalhes da mensagem de contato', 'Visualizar detalhes contato', 'Visualizar detalhes contato', 'Celke', 2, '', 0, 5, '2', 4, 1, '2018-06-01 18:06:00', NULL),
(117, 'Editar Mensagem de Contato', 'editar/sts_edit_contato', 'Formulário para Editar Mensagem de Contato', 'Editar Mensagem de Contato', 'Editar Mensagem de Contato', 'Celke', 2, '', 0, 3, '2', 4, 1, '2018-06-01 18:11:48', NULL),
(118, 'Proc Form Edit Contato', 'processa/proc_sts_edit_contato', 'Página para processar o formulário editar mensagem de contato', 'Processar o formulario editar mensagem de contato', 'Processar o formulario editar mensagem de contato', 'Celke', 2, '', 117, 3, '2', 4, 1, '2018-06-01 18:18:32', NULL),
(119, 'Cadastrar Mensagem de Contato', 'cadastrar/sts_cad_contato', 'Formulário para cadastrar mensagem de contato', 'Cadastrar Mensagem de Contato', 'Cadastrar Mensagem de Contato', 'Celke', 2, '', 0, 2, '2', 4, 1, '2018-06-01 18:23:01', NULL),
(120, 'Proc Cad Msg Contato', 'processa/proc_sts_cad_contato', 'Página para processar o formulário cadastrar mensagem de contato', 'Processar o formulario cadastrar mensagem de contato', 'Processar o formulario cadastrar mensagem de contato', 'Celke', 2, '', 119, 2, '2', 4, 1, '2018-06-01 18:27:30', NULL),
(121, 'Apagar mensagem de contato', 'processa/sts_apagar_contato', 'Página para apagar mensagem de contato', 'Apagar mensagem de contato', 'Apagar mensagem de contato', 'Celke', 2, '', 0, 4, '2', 4, 1, '2018-06-01 18:32:59', NULL),
(122, 'Listar Produtos', 'listar/sts_list_produto', 'Listar Produtos', 'Listar Produtos', 'Listar Produtos', 'WICODE', 2, 'fas fa-location-arrow', 0, 1, '2', 2, 1, '2021-03-24 11:42:03', '2021-03-24 11:44:28'),
(123, 'Cadastrar Produto', 'cadastrar/sts_cad_produto', '', 'asdasd', 'asdasd', 'WICODE', 2, '', 0, 2, '2', 2, 1, '2021-03-24 11:55:34', '2021-03-24 12:03:12'),
(124, 'Processa Cad Produto', 'processa/proc_sts_cad_produto', '', 'asdasd', 'asdasd', 'WICODE', 2, '', 0, 2, '2', 1, 1, '2021-03-24 11:57:01', '2021-03-24 12:04:09'),
(125, 'Editar Produto', 'editar/sts_edit_produto', '', 'asdasd', 'asdasd', 'WICODE', 2, '', 0, 3, '2', 2, 1, '2021-03-24 12:01:28', '2021-03-24 12:04:14'),
(126, 'Processa editar Produto', 'processa/proc_sts_edit_produto', '', 'asdasd', 'asdasd', 'WICODE', 2, '', 0, 3, '2', 2, 1, '2021-03-24 12:04:59', NULL),
(127, 'Apagar Produto', 'processa/sts_apagar_produto', '', 'asdasd', 'asdasd', 'WICODE', 2, '', 0, 4, '2', 2, 1, '2021-03-24 12:06:37', NULL),
(128, 'Visualizar Produto', 'visualizar/sts_vis_produto', '', 'asdasd', 'asdasd', 'WICODE', 2, '', 0, 5, '2', 2, 1, '2021-03-24 12:08:14', NULL),
(129, 'Ver artigo com categoria na URL', 'visualizar/sts_vis_artigo_cat', '', 'asdasd', 'asdasd', 'WICODE', 2, '', 0, 5, '2', 2, 1, '2021-03-24 14:22:02', NULL);

-- --------------------------------------------------------

--
-- Estrutura da tabela `adms_robots`
--

CREATE TABLE `adms_robots` (
  `id` int(11) NOT NULL,
  `nome` varchar(50) COLLATE utf8_unicode_ci NOT NULL,
  `tipo` varchar(50) COLLATE utf8_unicode_ci NOT NULL,
  `created` datetime NOT NULL,
  `modified` datetime DEFAULT NULL
) ENGINE=MyISAM DEFAULT CHARSET=utf8 COLLATE=utf8_unicode_ci;

--
-- Extraindo dados da tabela `adms_robots`
--

INSERT INTO `adms_robots` (`id`, `nome`, `tipo`, `created`, `modified`) VALUES
(1, 'Indexar a página e seguir os links', 'index, follow', '2018-03-23 00:00:00', NULL),
(2, 'Não indexar a página mas seguir os links', 'noindex, follow', '2018-03-23 00:00:00', NULL),
(3, 'Indexar a página mas não seguir os links', 'index, nofollow', '2018-03-23 00:00:00', NULL),
(4, 'Não indexar a página e nem seguir os links', 'noindex, nofollow', '2018-03-23 00:00:00', NULL),
(5, 'Não exibir a versão em cache da página', 'noarchive', '2018-03-23 00:00:00', NULL);

-- --------------------------------------------------------

--
-- Estrutura da tabela `adms_sits`
--

CREATE TABLE `adms_sits` (
  `id` int(11) NOT NULL,
  `nome` varchar(40) COLLATE utf8_unicode_ci NOT NULL,
  `adms_cor_id` varchar(40) COLLATE utf8_unicode_ci NOT NULL,
  `created` datetime NOT NULL,
  `modified` datetime DEFAULT NULL
) ENGINE=MyISAM DEFAULT CHARSET=utf8 COLLATE=utf8_unicode_ci;

--
-- Extraindo dados da tabela `adms_sits`
--

INSERT INTO `adms_sits` (`id`, `nome`, `adms_cor_id`, `created`, `modified`) VALUES
(1, 'Ativo', '3', '2018-03-23 00:00:00', NULL),
(2, 'Inativo', '4', '2018-03-23 00:00:00', NULL),
(3, 'Analise', '1', '2018-03-23 00:00:00', NULL);

-- --------------------------------------------------------

--
-- Estrutura da tabela `adms_sits_pgs`
--

CREATE TABLE `adms_sits_pgs` (
  `id` int(11) NOT NULL,
  `nome` varchar(50) COLLATE utf8_unicode_ci NOT NULL,
  `cor` varchar(50) COLLATE utf8_unicode_ci NOT NULL,
  `created` datetime NOT NULL,
  `modified` datetime DEFAULT NULL
) ENGINE=MyISAM DEFAULT CHARSET=utf8 COLLATE=utf8_unicode_ci;

--
-- Extraindo dados da tabela `adms_sits_pgs`
--

INSERT INTO `adms_sits_pgs` (`id`, `nome`, `cor`, `created`, `modified`) VALUES
(1, 'Ativo', 'success', '2018-03-23 00:00:00', NULL),
(2, 'Inativo', 'danger', '2018-03-23 00:00:00', NULL),
(3, 'Analise', 'primary', '2018-03-23 00:00:00', NULL);

-- --------------------------------------------------------

--
-- Estrutura da tabela `adms_sits_usuarios`
--

CREATE TABLE `adms_sits_usuarios` (
  `id` int(11) NOT NULL,
  `nome` varchar(220) COLLATE utf8_unicode_ci NOT NULL,
  `adms_cor_id` int(11) NOT NULL,
  `created` datetime NOT NULL,
  `modified` datetime DEFAULT NULL
) ENGINE=MyISAM DEFAULT CHARSET=utf8 COLLATE=utf8_unicode_ci;

--
-- Extraindo dados da tabela `adms_sits_usuarios`
--

INSERT INTO `adms_sits_usuarios` (`id`, `nome`, `adms_cor_id`, `created`, `modified`) VALUES
(1, 'Ativo', 3, '2018-03-23 00:00:00', NULL),
(2, 'Inativo', 5, '2018-03-23 00:00:00', NULL),
(3, 'Aguardando confirmacao', 1, '2018-03-23 00:00:00', NULL),
(4, 'Spam', 4, '2018-03-23 00:00:00', NULL);

-- --------------------------------------------------------

--
-- Estrutura da tabela `adms_tps_pgs`
--

CREATE TABLE `adms_tps_pgs` (
  `id` int(11) NOT NULL,
  `tipo` varchar(40) COLLATE utf8_unicode_ci NOT NULL,
  `nome` varchar(120) COLLATE utf8_unicode_ci NOT NULL,
  `obs` text COLLATE utf8_unicode_ci NOT NULL,
  `ordem` int(11) NOT NULL,
  `created` datetime NOT NULL,
  `modified` datetime DEFAULT NULL
) ENGINE=MyISAM DEFAULT CHARSET=utf8 COLLATE=utf8_unicode_ci;

--
-- Extraindo dados da tabela `adms_tps_pgs`
--

INSERT INTO `adms_tps_pgs` (`id`, `tipo`, `nome`, `obs`, `ordem`, `created`, `modified`) VALUES
(1, 'adms', 'Administrativo', 'Core do Administrativo', 1, '2018-03-23 00:00:00', NULL),
(2, 'sts', 'Site', 'Core do site', 2, '2018-05-23 00:00:00', NULL);

-- --------------------------------------------------------

--
-- Estrutura da tabela `sts_artigos`
--

CREATE TABLE `sts_artigos` (
  `id` int(11) NOT NULL,
  `titulo` varchar(220) COLLATE utf8_unicode_ci NOT NULL,
  `descricao` text COLLATE utf8_unicode_ci NOT NULL,
  `conteudo` text COLLATE utf8_unicode_ci NOT NULL,
  `imagem` varchar(220) COLLATE utf8_unicode_ci NOT NULL,
  `slug` varchar(220) COLLATE utf8_unicode_ci NOT NULL,
  `keywords` varchar(220) COLLATE utf8_unicode_ci NOT NULL,
  `description` varchar(220) COLLATE utf8_unicode_ci NOT NULL,
  `author` varchar(50) COLLATE utf8_unicode_ci NOT NULL,
  `resumo_publico` text COLLATE utf8_unicode_ci DEFAULT NULL,
  `qnt_acesso` int(11) NOT NULL DEFAULT 0,
  `sts_robot_id` int(11) NOT NULL,
  `adms_usuario_id` int(11) NOT NULL,
  `sts_situacoe_id` int(11) NOT NULL,
  `sts_tps_artigo_id` int(11) NOT NULL,
  `sts_cats_artigo_id` int(11) NOT NULL,
  `created` datetime NOT NULL,
  `modified` datetime DEFAULT NULL
) ENGINE=MyISAM DEFAULT CHARSET=utf8 COLLATE=utf8_unicode_ci;

--
-- Extraindo dados da tabela `sts_artigos`
--

INSERT INTO `sts_artigos` (`id`, `titulo`, `descricao`, `conteudo`, `imagem`, `slug`, `keywords`, `description`, `author`, `resumo_publico`, `qnt_acesso`, `sts_robot_id`, `adms_usuario_id`, `sts_situacoe_id`, `sts_tps_artigo_id`, `sts_cats_artigo_id`, `created`, `modified`) VALUES
(1, 'Sample blog post 1', 'Donec 1 ullamcorper nulla non metus auctor fringilla. Vestibulum id ligula porta felis euismod semper. Praesent commodo cursus magna, vel scelerisque nisl consectetur. Fusce dapibus, tellus ac cursus commodo.', '<p>This blog post shows a few different types of content thats supported and styled with Bootstrap. Basic typography, images, and code are all supported.</p>\n								<hr>\n								<p>Cum sociis natoque penatibus et magnis <a href=\"#\">dis parturient montes</a>, nascetur ridiculus mus. Aenean eu leo quam. Pellentesque ornare sem lacinia quam venenatis vestibulum. Sed posuere consectetur est at lobortis. Cras mattis consectetur purus sit amet fermentum.</p>\n								<blockquote>\n								  <p>Curabitur blandit tempus porttitor. <strong>Nullam quis risus eget urna mollis</strong> ornare vel eu leo. Nullam id dolor id nibh ultricies vehicula ut id elit.</p>\n								</blockquote>\n								<p>Etiam porta <em>sem malesuada magna</em> mollis euismod. Cras mattis consectetur purus sit amet fermentum. Aenean lacinia bibendum nulla sed consectetur.</p>\n								<h2>Heading</h2>\n								<p>Vivamus sagittis lacus vel augue laoreet rutrum faucibus dolor auctor. Duis mollis, est non commodo luctus, nisi erat porttitor ligula, eget lacinia odio sem nec elit. Morbi leo risus, porta ac consectetur ac, vestibulum at eros.</p>\n								<h3>Sub-heading</h3>\n								<p>Cum sociis natoque penatibus et magnis dis parturient montes, nascetur ridiculus mus.</p>\n								<pre><code>Example code block</code></pre>\n								<p>Aenean lacinia bibendum nulla sed consectetur. Etiam porta sem malesuada magna mollis euismod. Fusce dapibus, tellus ac cursus commodo, tortor mauris condimentum nibh, ut fermentum massa.</p>\n								<h3>Sub-heading</h3>\n								<p>Cum sociis natoque penatibus et magnis dis parturient montes, nascetur ridiculus mus. Aenean lacinia bibendum nulla sed consectetur. Etiam porta sem malesuada magna mollis euismod. Fusce dapibus, tellus ac cursus commodo, tortor mauris condimentum nibh, ut fermentum massa justo sit amet risus.</p>\n								<ul>\n									<li>Praesent commodo cursus magna, vel scelerisque nisl consectetur et.</li>\n									<li>Donec id elit non mi porta gravida at eget metus.</li>\n									<li>Nulla vitae elit libero, a pharetra augue.</li>\n								</ul>\n								<p>Donec ullamcorper nulla non metus auctor fringilla. Nulla vitae elit libero, a pharetra augue.</p>\n								<ol>\n									<li>Vestibulum id ligula porta felis euismod semper.</li>\n									<li>Cum sociis natoque penatibus et magnis dis parturient montes, nascetur ridiculus mus.</li>\n									<li>Maecenas sed diam eget risus varius blandit sit amet non magna.</li>\n								</ol>\n								<p>Cras mattis consectetur purus sit amet fermentum. Sed posuere consectetur est at lobortis.</p>', 'artigo.jpg', 'sample-blog-post-1', 'artigo, artigo 1, ', 'Descricao do artigo um para seo', 'Celke', '<p>This blog post shows a few different types of content thats supported and styled with Bootstrap. Basic typography, images, and code are all supported.</p>\n                            <hr>\n                            <p>Cum sociis natoque penatibus et magnis <a href=\"#\">dis parturient montes</a>, nascetur ridiculus mus. Aenean eu leo quam. Pellentesque ornare sem lacinia quam venenatis vestibulum. Sed posuere consectetur est at lobortis. Cras mattis consectetur purus sit amet fermentum.</p>', 11, 1, 1, 1, 1, 1, '2018-02-18 00:00:00', NULL),
(2, 'Sample blog post 2', 'Donec 2 ullamcorper nulla non metus auctor fringilla. Vestibulum id ligula porta felis euismod semper. Praesent commodo cursus magna, vel scelerisque nisl consectetur. Fusce dapibus, tellus ac cursus commodo.', '<p>This blog post shows a few different types of content thats supported and styled with Bootstrap. Basic typography, images, and code are all supported.</p>\n								<hr>\n								<p>Cum sociis natoque penatibus et magnis <a href=\"#\">dis parturient montes</a>, nascetur ridiculus mus. Aenean eu leo quam. Pellentesque ornare sem lacinia quam venenatis vestibulum. Sed posuere consectetur est at lobortis. Cras mattis consectetur purus sit amet fermentum.</p>\n								<blockquote>\n								  <p>Curabitur blandit tempus porttitor. <strong>Nullam quis risus eget urna mollis</strong> ornare vel eu leo. Nullam id dolor id nibh ultricies vehicula ut id elit.</p>\n								</blockquote>\n								<p>Etiam porta <em>sem malesuada magna</em> mollis euismod. Cras mattis consectetur purus sit amet fermentum. Aenean lacinia bibendum nulla sed consectetur.</p>\n								<h2>Heading</h2>\n								<p>Vivamus sagittis lacus vel augue laoreet rutrum faucibus dolor auctor. Duis mollis, est non commodo luctus, nisi erat porttitor ligula, eget lacinia odio sem nec elit. Morbi leo risus, porta ac consectetur ac, vestibulum at eros.</p>\n								<h3>Sub-heading</h3>\n								<p>Cum sociis natoque penatibus et magnis dis parturient montes, nascetur ridiculus mus.</p>\n								<pre><code>Example code block</code></pre>\n								<p>Aenean lacinia bibendum nulla sed consectetur. Etiam porta sem malesuada magna mollis euismod. Fusce dapibus, tellus ac cursus commodo, tortor mauris condimentum nibh, ut fermentum massa.</p>\n								<h3>Sub-heading</h3>\n								<p>Cum sociis natoque penatibus et magnis dis parturient montes, nascetur ridiculus mus. Aenean lacinia bibendum nulla sed consectetur. Etiam porta sem malesuada magna mollis euismod. Fusce dapibus, tellus ac cursus commodo, tortor mauris condimentum nibh, ut fermentum massa justo sit amet risus.</p>\n								<ul>\n									<li>Praesent commodo cursus magna, vel scelerisque nisl consectetur et.</li>\n									<li>Donec id elit non mi porta gravida at eget metus.</li>\n									<li>Nulla vitae elit libero, a pharetra augue.</li>\n								</ul>\n								<p>Donec ullamcorper nulla non metus auctor fringilla. Nulla vitae elit libero, a pharetra augue.</p>\n								<ol>\n									<li>Vestibulum id ligula porta felis euismod semper.</li>\n									<li>Cum sociis natoque penatibus et magnis dis parturient montes, nascetur ridiculus mus.</li>\n									<li>Maecenas sed diam eget risus varius blandit sit amet non magna.</li>\n								</ol>\n								<p>Cras mattis consectetur purus sit amet fermentum. Sed posuere consectetur est at lobortis.</p>', 'artigo.jpg', 'sample-blog-post-2', 'artigo, artigo 2, ', 'Descricao do artigo dois para seo', 'Celke', '<p>This blog post shows a few different types of content thats supported and styled with Bootstrap. Basic typography, images, and code are all supported.</p>\n                            <hr>\n                            <p>Cum sociis natoque penatibus et magnis <a href=\"#\">dis parturient montes</a>, nascetur ridiculus mus. Aenean eu leo quam. Pellentesque ornare sem lacinia quam venenatis vestibulum. Sed posuere consectetur est at lobortis. Cras mattis consectetur purus sit amet fermentum.</p>', 4, 1, 1, 1, 1, 1, '2018-02-19 00:00:00', NULL),
(3, 'Sample blog post 3', 'Donec 3 ullamcorper nulla non metus auctor fringilla. Vestibulum id ligula porta felis euismod semper. Praesent commodo cursus magna, vel scelerisque nisl consectetur. Fusce dapibus, tellus ac cursus commodo.', '<p>This blog post shows a few different types of content thats supported and styled with Bootstrap. Basic typography, images, and code are all supported.</p>\n								<hr>\n								<p>Cum sociis natoque penatibus et magnis <a href=\"#\">dis parturient montes</a>, nascetur ridiculus mus. Aenean eu leo quam. Pellentesque ornare sem lacinia quam venenatis vestibulum. Sed posuere consectetur est at lobortis. Cras mattis consectetur purus sit amet fermentum.</p>\n								<blockquote>\n								  <p>Curabitur blandit tempus porttitor. <strong>Nullam quis risus eget urna mollis</strong> ornare vel eu leo. Nullam id dolor id nibh ultricies vehicula ut id elit.</p>\n								</blockquote>\n								<p>Etiam porta <em>sem malesuada magna</em> mollis euismod. Cras mattis consectetur purus sit amet fermentum. Aenean lacinia bibendum nulla sed consectetur.</p>\n								<h2>Heading</h2>\n								<p>Vivamus sagittis lacus vel augue laoreet rutrum faucibus dolor auctor. Duis mollis, est non commodo luctus, nisi erat porttitor ligula, eget lacinia odio sem nec elit. Morbi leo risus, porta ac consectetur ac, vestibulum at eros.</p>\n								<h3>Sub-heading</h3>\n								<p>Cum sociis natoque penatibus et magnis dis parturient montes, nascetur ridiculus mus.</p>\n								<pre><code>Example code block</code></pre>\n								<p>Aenean lacinia bibendum nulla sed consectetur. Etiam porta sem malesuada magna mollis euismod. Fusce dapibus, tellus ac cursus commodo, tortor mauris condimentum nibh, ut fermentum massa.</p>\n								<h3>Sub-heading</h3>\n								<p>Cum sociis natoque penatibus et magnis dis parturient montes, nascetur ridiculus mus. Aenean lacinia bibendum nulla sed consectetur. Etiam porta sem malesuada magna mollis euismod. Fusce dapibus, tellus ac cursus commodo, tortor mauris condimentum nibh, ut fermentum massa justo sit amet risus.</p>\n								<ul>\n									<li>Praesent commodo cursus magna, vel scelerisque nisl consectetur et.</li>\n									<li>Donec id elit non mi porta gravida at eget metus.</li>\n									<li>Nulla vitae elit libero, a pharetra augue.</li>\n								</ul>\n								<p>Donec ullamcorper nulla non metus auctor fringilla. Nulla vitae elit libero, a pharetra augue.</p>\n								<ol>\n									<li>Vestibulum id ligula porta felis euismod semper.</li>\n									<li>Cum sociis natoque penatibus et magnis dis parturient montes, nascetur ridiculus mus.</li>\n									<li>Maecenas sed diam eget risus varius blandit sit amet non magna.</li>\n								</ol>\n								<p>Cras mattis consectetur purus sit amet fermentum. Sed posuere consectetur est at lobortis.</p>', 'artigo.jpg', 'sample-blog-post-3', 'artigo, artigo 3 ', 'Descricao do artigo tres para seo', 'Celke', '<p>This blog post shows a few different types of content thats supported and styled with Bootstrap. Basic typography, images, and code are all supported.</p>\n                            <hr>\n                            <p>Cum sociis natoque penatibus et magnis <a href=\"#\">dis parturient montes</a>, nascetur ridiculus mus. Aenean eu leo quam. Pellentesque ornare sem lacinia quam venenatis vestibulum. Sed posuere consectetur est at lobortis. Cras mattis consectetur purus sit amet fermentum.</p>', 14, 1, 1, 1, 1, 1, '2018-02-20 00:00:00', NULL),
(4, 'Sample blog post 4 titulo', 'Donec 4 ullamcorper nulla non metus auctor fringilla. Vestibulum id ligula porta felis euismod semper. Praesent commodo cursus magna, vel scelerisque nisl consectetur. Fusce dapibus, tellus ac cursus commodo.', '<p>4This blog post shows a few different types of content thats supported and styled with Bootstrap. Basic typography, images, and code are all supported.</p>\n								<hr>\n								<p>Cum sociis natoque penatibus et magnis <a href=\"#\">dis parturient montes</a>, nascetur ridiculus mus. Aenean eu leo quam. Pellentesque ornare sem lacinia quam venenatis vestibulum. Sed posuere consectetur est at lobortis. Cras mattis consectetur purus sit amet fermentum.</p>\n								<blockquote>\n								  <p>Curabitur blandit tempus porttitor. <strong>Nullam quis risus eget urna mollis</strong> ornare vel eu leo. Nullam id dolor id nibh ultricies vehicula ut id elit.</p>\n								</blockquote>\n								<p>Etiam porta <em>sem malesuada magna</em> mollis euismod. Cras mattis consectetur purus sit amet fermentum. Aenean lacinia bibendum nulla sed consectetur.</p>\n								<h2>Heading</h2>\n								<p>Vivamus sagittis lacus vel augue laoreet rutrum faucibus dolor auctor. Duis mollis, est non commodo luctus, nisi erat porttitor ligula, eget lacinia odio sem nec elit. Morbi leo risus, porta ac consectetur ac, vestibulum at eros.</p>\n								<h3>Sub-heading</h3>\n								<p>Cum sociis natoque penatibus et magnis dis parturient montes, nascetur ridiculus mus.</p>\n								<pre><code>Example code block</code></pre>\n								<p>Aenean lacinia bibendum nulla sed consectetur. Etiam porta sem malesuada magna mollis euismod. Fusce dapibus, tellus ac cursus commodo, tortor mauris condimentum nibh, ut fermentum massa.</p>\n								<h3>Sub-heading</h3>\n								<p>Cum sociis natoque penatibus et magnis dis parturient montes, nascetur ridiculus mus. Aenean lacinia bibendum nulla sed consectetur. Etiam porta sem malesuada magna mollis euismod. Fusce dapibus, tellus ac cursus commodo, tortor mauris condimentum nibh, ut fermentum massa justo sit amet risus.</p>\n								<ul>\n									<li>Praesent commodo cursus magna, vel scelerisque nisl consectetur et.</li>\n									<li>Donec id elit non mi porta gravida at eget metus.</li>\n									<li>Nulla vitae elit libero, a pharetra augue.</li>\n								</ul>\n								<p>Donec ullamcorper nulla non metus auctor fringilla. Nulla vitae elit libero, a pharetra augue.</p>\n								<ol>\n									<li>Vestibulum id ligula porta felis euismod semper.</li>\n									<li>Cum sociis natoque penatibus et magnis dis parturient montes, nascetur ridiculus mus.</li>\n									<li>Maecenas sed diam eget risus varius blandit sit amet non magna.</li>\n								</ol>\n								<p>Cras mattis consectetur purus sit amet fermentum. Sed posuere consectetur est at lobortis.</p>', 'artigo.jpg', 'sample-blog-post-4', 'artigo, artigo 4 ', 'Descricao do artigo quatro para seo', 'Celke', '<p>This blog post shows a few different types of content thats supported and styled with Bootstrap. Basic typography, images, and code are all supported.</p>\n                            <hr>\n                            <p>Cum sociis natoque penatibus et magnis <a href=\"#\">dis parturient montes</a>, nascetur ridiculus mus. Aenean eu leo quam. Pellentesque ornare sem lacinia quam venenatis vestibulum. Sed posuere consectetur est at lobortis. Cras mattis consectetur purus sit amet fermentum.</p>', 13, 1, 1, 1, 1, 1, '2018-02-21 00:00:00', NULL),
(5, 'Sample blog post 5', 'Donec 5 ullamcorper nulla non metus auctor fringilla. Vestibulum id ligula porta felis euismod semper. Praesent commodo cursus magna, vel scelerisque nisl consectetur. Fusce dapibus, tellus ac cursus commodo.', '<p>This blog post shows a few different types of content thats supported and styled with Bootstrap. Basic typography, images, and code are all supported.</p>\n								<hr>\n								<p>Cum sociis natoque penatibus et magnis <a href=\"#\">dis parturient montes</a>, nascetur ridiculus mus. Aenean eu leo quam. Pellentesque ornare sem lacinia quam venenatis vestibulum. Sed posuere consectetur est at lobortis. Cras mattis consectetur purus sit amet fermentum.</p>\n								<blockquote>\n								  <p>Curabitur blandit tempus porttitor. <strong>Nullam quis risus eget urna mollis</strong> ornare vel eu leo. Nullam id dolor id nibh ultricies vehicula ut id elit.</p>\n								</blockquote>\n								<p>Etiam porta <em>sem malesuada magna</em> mollis euismod. Cras mattis consectetur purus sit amet fermentum. Aenean lacinia bibendum nulla sed consectetur.</p>\n								<h2>Heading</h2>\n								<p>Vivamus sagittis lacus vel augue laoreet rutrum faucibus dolor auctor. Duis mollis, est non commodo luctus, nisi erat porttitor ligula, eget lacinia odio sem nec elit. Morbi leo risus, porta ac consectetur ac, vestibulum at eros.</p>\n								<h3>Sub-heading</h3>\n								<p>Cum sociis natoque penatibus et magnis dis parturient montes, nascetur ridiculus mus.</p>\n								<pre><code>Example code block</code></pre>\n								<p>Aenean lacinia bibendum nulla sed consectetur. Etiam porta sem malesuada magna mollis euismod. Fusce dapibus, tellus ac cursus commodo, tortor mauris condimentum nibh, ut fermentum massa.</p>\n								<h3>Sub-heading</h3>\n								<p>Cum sociis natoque penatibus et magnis dis parturient montes, nascetur ridiculus mus. Aenean lacinia bibendum nulla sed consectetur. Etiam porta sem malesuada magna mollis euismod. Fusce dapibus, tellus ac cursus commodo, tortor mauris condimentum nibh, ut fermentum massa justo sit amet risus.</p>\n								<ul>\n									<li>Praesent commodo cursus magna, vel scelerisque nisl consectetur et.</li>\n									<li>Donec id elit non mi porta gravida at eget metus.</li>\n									<li>Nulla vitae elit libero, a pharetra augue.</li>\n								</ul>\n								<p>Donec ullamcorper nulla non metus auctor fringilla. Nulla vitae elit libero, a pharetra augue.</p>\n								<ol>\n									<li>Vestibulum id ligula porta felis euismod semper.</li>\n									<li>Cum sociis natoque penatibus et magnis dis parturient montes, nascetur ridiculus mus.</li>\n									<li>Maecenas sed diam eget risus varius blandit sit amet non magna.</li>\n								</ol>\n								<p>Cras mattis consectetur purus sit amet fermentum. Sed posuere consectetur est at lobortis.</p>', 'artigo.jpg', 'sample-blog-post-5', 'artigo, artigo 5', 'Descricao do artigo cinco para seo', 'Celke', '<p>This blog post shows a few different types of content thats supported and styled with Bootstrap. Basic typography, images, and code are all supported.</p>\n                            <hr>\n                            <p>Cum sociis natoque penatibus et magnis <a href=\"#\">dis parturient montes</a>, nascetur ridiculus mus. Aenean eu leo quam. Pellentesque ornare sem lacinia quam venenatis vestibulum. Sed posuere consectetur est at lobortis. Cras mattis consectetur purus sit amet fermentum.</p>', 1, 1, 1, 1, 1, 1, '2018-02-22 00:00:00', NULL),
(6, 'Sample blog post 6', '<p>Donec 6 ullamcorper nulla non metus auctor fringilla. Vestibulum id ligula porta felis euismod semper. Praesent commodo cursus magna, vel scelerisque nisl consectetur. Fusce dapibus, tellus ac cursus commodo.</p>', '<p><strong>This blog post shows a few different types of content thats supported and styled with Bootstrap. Basic typography, images, and code are all supported.</strong></p><p>Cum sociis natoque penatibus et magnis <a href=\"#\">dis parturient montes</a>, nascetur ridiculus mus. Aenean eu leo quam. Pellentesque ornare sem lacinia quam venenatis vestibulum. Sed posuere consectetur est at lobortis. Cras mattis consectetur purus sit amet fermentum.</p><blockquote><p>Curabitur blandit tempus porttitor. <strong>Nullam quis risus eget urna mollis</strong> ornare vel eu leo. Nullam id dolor id nibh ultricies vehicula ut id elit.</p></blockquote><p>Etiam porta <i>sem malesuada magna</i> mollis euismod. Cras mattis consectetur purus sit amet fermentum. Aenean lacinia bibendum nulla sed consectetur.</p><h2>Heading</h2><p>Vivamus sagittis lacus vel augue laoreet rutrum faucibus dolor auctor. Duis mollis, est non commodo luctus, nisi erat porttitor ligula, eget lacinia odio sem nec elit. Morbi leo risus, porta ac consectetur ac, vestibulum at eros.</p><h3>Sub-heading</h3><p>Cum sociis natoque penatibus et magnis dis parturient montes, nascetur ridiculus mus.</p><p>Example code block</p><p>Aenean lacinia bibendum nulla sed consectetur. Etiam porta sem malesuada magna mollis euismod. Fusce dapibus, tellus ac cursus commodo, tortor mauris condimentum nibh, ut fermentum massa.</p><h3>Sub-heading</h3><p>Cum sociis natoque penatibus et magnis dis parturient montes, nascetur ridiculus mus. Aenean lacinia bibendum nulla sed consectetur. Etiam porta sem malesuada magna mollis euismod. Fusce dapibus, tellus ac cursus commodo, tortor mauris condimentum nibh, ut fermentum massa justo sit amet risus.</p><ul><li>Praesent commodo cursus magna, vel scelerisque nisl consectetur et.</li><li>Donec id elit non mi porta gravida at eget metus.</li><li>Nulla vitae elit libero, a pharetra augue.</li></ul><p>Donec ullamcorper nulla non metus auctor fringilla. Nulla vitae elit libero, a pharetra augue.</p><ol><li>Vestibulum id ligula porta felis euismod semper.</li><li>Cum sociis natoque penatibus et magnis dis parturient montes, nascetur ridiculus mus.</li><li>Maecenas sed diam eget risus varius blandit sit amet non magna.</li></ol><p>Cras mattis consectetur purus sit amet fermentum. Sed posuere consectetur est at lobortis.</p>', 'artigo.jpg', 'sample-blog-post-6', 'artigo, artigo 6', 'Descricao do artigo seis para seo', 'Celke', '<p>This blog post shows a few different types of content thats supported and styled with Bootstrap. Basic typography, images, and code are all supported.</p><p>Cum sociis natoque penatibus et magnis <a href=\"#\">dis parturient montes</a>, nascetur ridiculus mus. Aenean eu leo quam. Pellentesque ornare sem lacinia quam venenatis vestibulum. Sed posuere consectetur est at lobortis. Cras mattis consectetur purus sit amet fermentum.</p>', 36, 4, 1, 1, 1, 6, '2018-02-23 00:00:00', '2021-03-24 14:34:54'),
(7, '', '', '', '', '', '', '', '', '', 0, 0, 0, 0, 0, 0, '2021-03-24 15:02:07', NULL);

-- --------------------------------------------------------

--
-- Estrutura da tabela `sts_blogs_sobres`
--

CREATE TABLE `sts_blogs_sobres` (
  `id` int(11) NOT NULL,
  `titulo` varchar(220) COLLATE utf8_unicode_ci NOT NULL,
  `descricao` text COLLATE utf8_unicode_ci NOT NULL,
  `sts_situacoe_id` int(11) NOT NULL,
  `created` datetime NOT NULL,
  `modified` datetime DEFAULT NULL
) ENGINE=MyISAM DEFAULT CHARSET=utf8 COLLATE=utf8_unicode_ci;

--
-- Extraindo dados da tabela `sts_blogs_sobres`
--

INSERT INTO `sts_blogs_sobres` (`id`, `titulo`, `descricao`, `sts_situacoe_id`, `created`, `modified`) VALUES
(1, 'Sobre Autor', 'Etiam porta sem malesuada magna mollis euismod. Cras mattis consectetur purus sit amet fermentum. Aenean lacinia bibendum nulla sed consectetur.', 1, '2018-02-23 00:00:00', '2018-05-31 19:43:55');

-- --------------------------------------------------------

--
-- Estrutura da tabela `sts_carousels`
--

CREATE TABLE `sts_carousels` (
  `id` int(11) NOT NULL,
  `nome` varchar(220) COLLATE utf8_unicode_ci NOT NULL,
  `imagem` varchar(220) COLLATE utf8_unicode_ci NOT NULL,
  `titulo` varchar(120) COLLATE utf8_unicode_ci DEFAULT NULL,
  `descricao` varchar(220) COLLATE utf8_unicode_ci DEFAULT NULL,
  `posicao_text` varchar(40) COLLATE utf8_unicode_ci DEFAULT NULL,
  `titulo_botao` varchar(40) COLLATE utf8_unicode_ci DEFAULT NULL,
  `link` varchar(220) COLLATE utf8_unicode_ci DEFAULT NULL,
  `ordem` int(11) NOT NULL,
  `sts_cor_id` int(11) DEFAULT NULL,
  `sts_situacoe_id` int(11) NOT NULL,
  `created` datetime NOT NULL,
  `modified` datetime DEFAULT NULL
) ENGINE=MyISAM DEFAULT CHARSET=utf8 COLLATE=utf8_unicode_ci;

--
-- Extraindo dados da tabela `sts_carousels`
--

INSERT INTO `sts_carousels` (`id`, `nome`, `imagem`, `titulo`, `descricao`, `posicao_text`, `titulo_botao`, `link`, `ordem`, `sts_cor_id`, `sts_situacoe_id`, `created`, `modified`) VALUES
(1, 'Primeiro Exemplo', 'imagem_um.jpg', 'Example headline1.', 'Cras justo odio, dapibus ac facilisis in, egestas eget quam. Donec id elit non mi porta gravida at eget metus. Nullam id dolor id nibh ultricies vehicula ut id elit.', 'text-left', 'Mais detalhes', 'https://celke.com.br/', 1, 1, 1, '2018-02-23 00:00:00', '2018-05-16 16:07:29'),
(2, 'Segundo Exemplo', 'imagem_dois.jpg', 'Example headline2.', 'Cras justo odio, dapibus ac facilisis in, egestas eget quam. Donec id elit non mi porta gravida at eget metus. Nullam id dolor id nibh ultricies vehicula ut id elit.', 'text-center', 'Inscrever-se', 'https://celke.com.br/', 2, 5, 1, '2018-02-23 00:00:00', NULL),
(3, 'Terceiro Exemplo', 'imagem_tres.jpg', 'One more for good measure3.', 'Cras justo odio, dapibus ac facilisis in, egestas eget quam. Donec id elit non mi porta gravida at eget metus. Nullam id dolor id nibh ultricies vehicula ut id elit.', 'text-right', 'Comprar', 'https://celke.com.br/', 3, 4, 1, '2018-02-23 00:00:00', NULL);

-- --------------------------------------------------------

--
-- Estrutura da tabela `sts_cats_artigos`
--

CREATE TABLE `sts_cats_artigos` (
  `id` int(11) NOT NULL,
  `nome` varchar(220) COLLATE utf8_unicode_ci NOT NULL,
  `slug` varchar(220) COLLATE utf8_unicode_ci DEFAULT NULL,
  `sts_situacoe_id` int(11) NOT NULL,
  `created` datetime NOT NULL,
  `modified` datetime DEFAULT NULL
) ENGINE=MyISAM DEFAULT CHARSET=utf8 COLLATE=utf8_unicode_ci;

--
-- Extraindo dados da tabela `sts_cats_artigos`
--

INSERT INTO `sts_cats_artigos` (`id`, `nome`, `slug`, `sts_situacoe_id`, `created`, `modified`) VALUES
(1, 'Pastéis Salgados', 'php', 1, '2018-02-23 00:00:00', '2021-03-23 17:50:26'),
(2, 'Pastéis Doces', 'bootstrap', 1, '2018-02-23 00:00:00', '2021-03-23 17:50:36'),
(3, 'Lanches', 'mysqli', 1, '2018-02-23 00:00:00', '2021-03-23 17:50:45'),
(5, 'PHP', NULL, 2, '2021-03-23 17:49:24', '2021-03-23 17:50:52'),
(6, 'teste', 'teste', 1, '2021-03-23 19:43:35', NULL);

-- --------------------------------------------------------

--
-- Estrutura da tabela `sts_cats_produtos`
--

CREATE TABLE `sts_cats_produtos` (
  `id` int(11) NOT NULL,
  `nome` varchar(220) COLLATE utf8_unicode_ci NOT NULL,
  `slug` varchar(220) COLLATE utf8_unicode_ci DEFAULT NULL,
  `sts_situacoe_id` int(11) NOT NULL,
  `created` datetime NOT NULL,
  `modified` datetime DEFAULT NULL
) ENGINE=MyISAM DEFAULT CHARSET=utf8 COLLATE=utf8_unicode_ci;

--
-- Extraindo dados da tabela `sts_cats_produtos`
--

INSERT INTO `sts_cats_produtos` (`id`, `nome`, `slug`, `sts_situacoe_id`, `created`, `modified`) VALUES
(1, 'Pastéis Salgados', 'pasteis-salgados', 1, '2018-02-23 00:00:00', '2021-03-25 02:05:39'),
(2, 'Pastéis Doces', 'pasteis-doces', 1, '2018-02-23 00:00:00', '2021-03-24 23:10:39'),
(3, 'Lanches', 'lanches', 1, '2018-02-23 00:00:00', '2021-03-23 17:50:45'),
(5, 'teste', 'php', 2, '2021-03-23 17:49:24', '2021-03-24 23:10:50'),
(6, 'Bebidas', 'bebidas', 2, '2021-03-23 19:43:35', NULL),
(7, 'Massas', 'massas', 1, '2021-03-24 20:56:02', NULL),
(8, 'Sucos', 'sucos', 1, '2021-03-24 21:19:19', NULL);

-- --------------------------------------------------------

--
-- Estrutura da tabela `sts_contatos`
--

CREATE TABLE `sts_contatos` (
  `id` int(11) NOT NULL,
  `nome` varchar(220) COLLATE utf8_unicode_ci NOT NULL,
  `email` varchar(220) COLLATE utf8_unicode_ci NOT NULL,
  `assunto` varchar(520) COLLATE utf8_unicode_ci NOT NULL,
  `mensagem` text COLLATE utf8_unicode_ci NOT NULL,
  `created` datetime NOT NULL,
  `modified` datetime DEFAULT NULL
) ENGINE=MyISAM DEFAULT CHARSET=utf8 COLLATE=utf8_unicode_ci;

--
-- Extraindo dados da tabela `sts_contatos`
--

INSERT INTO `sts_contatos` (`id`, `nome`, `email`, `assunto`, `mensagem`, `created`, `modified`) VALUES
(1, 'Cesar', 'cesar@celke.com.br', 'Teste 1', 'Teste 1 msg', '2018-02-26 11:26:43', '2018-06-01 18:20:45'),
(2, 'Cesar', 'cesar@celke.com.br', 'Teste 2', 'Teste 2 msg', '2018-02-26 11:29:16', NULL),
(3, 'Cesar', 'cesar@celke.com.br', 'Teste 2', 'Teste 2 msg', '2018-02-26 12:16:07', NULL),
(4, 'Cesar', 'cesar@celke.com.br', 'Teste 5', 'Teste 5 msg', '2018-02-26 12:32:16', NULL),
(5, 'Cesar', 'cesar@celke.com', 'Teste 6', 'Teste 6 msg', '2018-02-26 12:33:48', NULL);

-- --------------------------------------------------------

--
-- Estrutura da tabela `sts_cors`
--

CREATE TABLE `sts_cors` (
  `id` int(11) NOT NULL,
  `nome` varchar(40) COLLATE utf8_unicode_ci NOT NULL,
  `cor` varchar(40) COLLATE utf8_unicode_ci NOT NULL,
  `created` datetime NOT NULL,
  `modified` datetime DEFAULT NULL
) ENGINE=MyISAM DEFAULT CHARSET=utf8 COLLATE=utf8_unicode_ci;

--
-- Extraindo dados da tabela `sts_cors`
--

INSERT INTO `sts_cors` (`id`, `nome`, `cor`, `created`, `modified`) VALUES
(1, 'Azul', 'primary', '2018-02-23 00:00:00', NULL),
(2, 'Cinza ', 'secondary', '2018-02-23 00:00:00', NULL),
(3, 'Verde', 'success', '2018-02-23 00:00:00', NULL),
(4, 'Vermelho', 'danger', '2018-02-23 00:00:00', NULL),
(5, 'Laranjado', 'warning', '2018-02-23 00:00:00', NULL),
(6, 'Azul claro', 'info', '2018-02-23 00:00:00', NULL),
(7, 'Claro', 'light', '2018-02-23 00:00:00', NULL),
(8, 'Cinza escuro', 'dark', '2018-02-23 00:00:00', NULL);

-- --------------------------------------------------------

--
-- Estrutura da tabela `sts_forms_emails`
--

CREATE TABLE `sts_forms_emails` (
  `id` int(11) NOT NULL,
  `titulo` varchar(120) COLLATE utf8_unicode_ci NOT NULL,
  `descricao` varchar(220) COLLATE utf8_unicode_ci NOT NULL,
  `titulo_botao` varchar(40) COLLATE utf8_unicode_ci NOT NULL,
  `imagem` varchar(120) COLLATE utf8_unicode_ci NOT NULL,
  `created` datetime NOT NULL,
  `modified` datetime DEFAULT NULL
) ENGINE=MyISAM DEFAULT CHARSET=utf8 COLLATE=utf8_unicode_ci;

--
-- Extraindo dados da tabela `sts_forms_emails`
--

INSERT INTO `sts_forms_emails` (`id`, `titulo`, `descricao`, `titulo_botao`, `imagem`, `created`, `modified`) VALUES
(1, 'Receber novidades', 'This is a wider card with supporting text below as a natural lead-in to additional content.', 'Cadastrar', 'imagem-um.jpg', '2018-02-23 00:00:00', '2018-05-26 19:10:06');

-- --------------------------------------------------------

--
-- Estrutura da tabela `sts_leads`
--

CREATE TABLE `sts_leads` (
  `id` int(11) NOT NULL,
  `email` varchar(220) COLLATE utf8_unicode_ci NOT NULL,
  `created` datetime NOT NULL,
  `modified` datetime DEFAULT NULL
) ENGINE=MyISAM DEFAULT CHARSET=utf8 COLLATE=utf8_unicode_ci;

--
-- Extraindo dados da tabela `sts_leads`
--

INSERT INTO `sts_leads` (`id`, `email`, `created`, `modified`) VALUES
(1, 'cesar@celke.com.br', '2018-02-20 17:48:08', NULL),
(2, 'cesar1@celke.com.br', '2018-02-20 17:57:55', NULL);

-- --------------------------------------------------------

--
-- Estrutura da tabela `sts_paginas`
--

CREATE TABLE `sts_paginas` (
  `id` int(11) NOT NULL,
  `endereco` varchar(220) COLLATE utf8_unicode_ci NOT NULL,
  `nome_pagina` varchar(50) COLLATE utf8_unicode_ci NOT NULL,
  `titulo` varchar(220) COLLATE utf8_unicode_ci NOT NULL,
  `obs` text COLLATE utf8_unicode_ci DEFAULT NULL,
  `keywords` varchar(220) COLLATE utf8_unicode_ci NOT NULL,
  `description` varchar(220) COLLATE utf8_unicode_ci NOT NULL,
  `author` varchar(50) COLLATE utf8_unicode_ci NOT NULL,
  `imagem` varchar(120) COLLATE utf8_unicode_ci DEFAULT NULL,
  `lib_bloq` int(11) NOT NULL DEFAULT 2,
  `ordem` int(11) NOT NULL,
  `depend_pg` int(11) NOT NULL DEFAULT 0,
  `sts_tps_pg_id` int(11) NOT NULL,
  `sts_robot_id` int(11) NOT NULL,
  `sts_situacaos_pg_id` int(11) NOT NULL DEFAULT 2,
  `created` datetime NOT NULL,
  `modified` datetime DEFAULT NULL
) ENGINE=MyISAM DEFAULT CHARSET=utf8 COLLATE=utf8_unicode_ci;

--
-- Extraindo dados da tabela `sts_paginas`
--

INSERT INTO `sts_paginas` (`id`, `endereco`, `nome_pagina`, `titulo`, `obs`, `keywords`, `description`, `author`, `imagem`, `lib_bloq`, `ordem`, `depend_pg`, `sts_tps_pg_id`, `sts_robot_id`, `sts_situacaos_pg_id`, `created`, `modified`) VALUES
(4, 'blog', 'Blog', 'Celke - Blog', NULL, 'site celke blog, PHP, HTML, CSS, Bootstrap, JavaScript', 'blog do site desenvolvido no Curso de PHP, MySQLi e Bootstrap', 'Celke', 'blog.jpg', 1, 3, 0, 1, 1, 1, '2018-02-23 00:00:00', '2018-05-12 13:37:00'),
(5, 'artigo', 'Artigo', 'Celke - Artigo', NULL, 'site celke artigo, PHP, HTML, CSS, Bootstrap, JavaScript', 'artigo do site desenvolvido no Curso de PHP, MySQLi e Bootstrap', 'Celke', 'artigo.jpg', 2, 4, 0, 1, 1, 1, '2018-02-23 00:00:00', '2018-05-12 13:37:02'),
(6, 'proc_cad_lead', 'Processa Cadastrar Lead', 'Celke - Cadastrar lead', NULL, 'php', 'Cadastrar e-mail para receber novidades', 'Celke', 'proc_cad_lead.jpg', 2, 6, 1, 1, 4, 1, '2018-02-23 00:00:00', '2018-05-12 13:36:57'),
(7, 'proc_cad_contato', 'Processa Cadastrar Contato', 'Celke - Cadastrar contato', NULL, 'cadastrar contato', 'cadastrar contato', 'Celke', 'cadastrar.jpg', 2, 7, 3, 1, 4, 1, '2018-02-23 00:00:00', NULL),
(1, 'index', 'Home', 'Início', 'Home', 'site celke home, PHP, HTML, CSS, Bootstrap, JavaScript', 'home do site desenvolvido no Curso de PHP, MySQLi e Bootstrap', 'Celke', 'seo-face-v1.jpg', 1, 1, 0, 1, 1, 1, '2018-02-23 00:00:00', '2021-03-23 17:22:23'),
(2, 'sobre_empresa', 'Sobre Empresa', 'Celke - Sobre empresa', NULL, 'site celke sobre empresa, PHP, HTML, CSS, Bootstrap', 'sobre empresa do site desenvolvido no Curso de PHP, MySQLi e Bootstrap', 'Celke', 'sobre_empresa.jpg', 1, 2, 0, 1, 1, 1, '2018-02-23 00:00:00', '2018-05-06 15:00:17'),
(3, 'contato', 'Contato', 'Celke - Contato', NULL, 'site celke contato, PHP, HTML, CSS, Bootstrap, JavaScript', 'contato do site desenvolvido no Curso de PHP, MySQLi e Bootstrap', 'Celke', 'contato.jpg', 1, 5, 0, 1, 1, 1, '2018-02-23 00:00:00', '2018-05-12 13:37:02'),
(8, 'produto', 'Listar artigos pela categoria', 'Listar artigos', 'Listar artigos pela categoria', 'artigos', 'artigos', 'Celke', 'capa-exemplo.jpg', 2, 8, 0, 1, 1, 1, '2019-08-26 15:57:55', '2021-03-25 15:16:15'),
(9, 'pesquisar', 'Pesquisa', 'Pesquisar', 'Pesquisar', 'Pesquisar', 'Pesquisar', 'WICODE', NULL, 2, 9, 0, 1, 2, 1, '2021-03-23 17:34:37', NULL),
(10, 'processa_busca', 'Processa Pesquisa', 'Pesquisar', 'Pesquisa', 'Pesquisa', 'Pesquisa', 'WICODE', NULL, 2, 10, 0, 1, 2, 1, '2021-03-23 17:36:21', NULL),
(11, 'visualizar/sts_vis_artigo_cat', 'Ver artigo com categoria na URL', 'Ver artigo com categoria na URL', '', 'asdasd', 'asdasd', 'WICODE', NULL, 2, 11, 0, 1, 2, 1, '2021-03-24 14:20:48', NULL);

-- --------------------------------------------------------

--
-- Estrutura da tabela `sts_pergs_resps`
--

CREATE TABLE `sts_pergs_resps` (
  `id` int(11) NOT NULL,
  `pergunta` varchar(220) COLLATE utf8_unicode_ci NOT NULL,
  `resposta` text COLLATE utf8_unicode_ci NOT NULL,
  `ordem` int(11) NOT NULL,
  `sts_situacoe_id` int(11) NOT NULL,
  `created` datetime NOT NULL,
  `modified` datetime DEFAULT NULL
) ENGINE=MyISAM DEFAULT CHARSET=utf8 COLLATE=utf8_unicode_ci;

--
-- Extraindo dados da tabela `sts_pergs_resps`
--

INSERT INTO `sts_pergs_resps` (`id`, `pergunta`, `resposta`, `ordem`, `sts_situacoe_id`, `created`, `modified`) VALUES
(1, 'Pergunta 1?', '1Anim pariatur cliche reprehenderit, enim eiusmod high life accusamus terry richardson ad squid. 3 wolf moon officia aute, non cupidatat skateboard dolor brunch. Food truck quinoa nesciunt laborum eiusmod. Brunch 3 wolf moon tempor, sunt aliqua put a bird on it squid single-origin coffee nulla assumenda shoreditch et. Nihil anim keffiyeh helvetica, craft beer labore wes anderson cred nesciunt sapiente ea proident. Ad vegan excepteur butcher vice lomo. Leggings occaecat craft beer farm-to-table, raw denim aesthetic synth nesciunt you probably havent heard of them accusamus labore sustainable VHS.', 2, 1, '2018-02-23 00:00:00', '2018-05-27 15:03:49'),
(2, 'Pergunta 2?', '2Anim pariatur cliche reprehenderit, enim eiusmod high life accusamus terry richardson ad squid. 3 wolf moon officia aute, non cupidatat skateboard dolor brunch. Food truck quinoa nesciunt laborum eiusmod. Brunch 3 wolf moon tempor, sunt aliqua put a bird on it squid single-origin coffee nulla assumenda shoreditch et. Nihil anim keffiyeh helvetica, craft beer labore wes anderson cred nesciunt sapiente ea proident. Ad vegan excepteur butcher vice lomo. Leggings occaecat craft beer farm-to-table, raw denim aesthetic synth nesciunt you probably havent heard of them accusamus labore sustainable VHS.', 3, 1, '2018-02-23 00:00:00', '2018-05-27 15:03:35'),
(3, 'Pergunta 3?', '3Anim pariatur cliche reprehenderit, enim eiusmod high life accusamus terry richardson ad squid. 3 wolf moon officia aute, non cupidatat skateboard dolor brunch. Food truck quinoa nesciunt laborum eiusmod. Brunch 3 wolf moon tempor, sunt aliqua put a bird on it squid single-origin coffee nulla assumenda shoreditch et. Nihil anim keffiyeh helvetica, craft beer labore wes anderson cred nesciunt sapiente ea proident. Ad vegan excepteur butcher vice lomo. Leggings occaecat craft beer farm-to-table, raw denim aesthetic synth nesciunt you probably havent heard of them accusamus labore sustainable VHS.', 1, 1, '2018-02-23 00:00:00', '2018-05-27 15:03:49');

-- --------------------------------------------------------

--
-- Estrutura da tabela `sts_prods_homes`
--

CREATE TABLE `sts_prods_homes` (
  `id` int(11) NOT NULL,
  `titulo` varchar(120) COLLATE utf8_unicode_ci NOT NULL,
  `subtitulo` varchar(220) COLLATE utf8_unicode_ci NOT NULL,
  `descricao` text COLLATE utf8_unicode_ci NOT NULL,
  `imagem` varchar(220) COLLATE utf8_unicode_ci NOT NULL,
  `created` datetime NOT NULL,
  `modified` datetime DEFAULT NULL
) ENGINE=MyISAM DEFAULT CHARSET=utf8 COLLATE=utf8_unicode_ci;

--
-- Extraindo dados da tabela `sts_prods_homes`
--

INSERT INTO `sts_prods_homes` (`id`, `titulo`, `subtitulo`, `descricao`, `imagem`, `created`, `modified`) VALUES
(1, 'Produto', 'First featurette heading.', 'Donec ullamcorper nulla non metus auctor fringilla. Vestibulum id ligula porta felis euismod semper. Praesent commodo cursus magna, vel scelerisque nisl consectetur. Fusce dapibus, tellus ac cursus commodo.', 'produto.jpg', '2018-02-23 00:00:00', '2018-05-25 16:18:24');

-- --------------------------------------------------------

--
-- Estrutura da tabela `sts_produtos`
--

CREATE TABLE `sts_produtos` (
  `id` int(11) NOT NULL,
  `nome` varchar(220) COLLATE utf8_unicode_ci NOT NULL,
  `numero` varchar(220) COLLATE utf8_unicode_ci NOT NULL,
  `preco` varchar(220) COLLATE utf8_unicode_ci NOT NULL,
  `imagem` varchar(220) COLLATE utf8_unicode_ci NOT NULL,
  `slug` varchar(220) COLLATE utf8_unicode_ci NOT NULL,
  `keywords` varchar(220) COLLATE utf8_unicode_ci NOT NULL,
  `description` varchar(220) COLLATE utf8_unicode_ci NOT NULL,
  `author` varchar(50) COLLATE utf8_unicode_ci NOT NULL,
  `resumo_publico` text COLLATE utf8_unicode_ci DEFAULT NULL,
  `qnt_acesso` int(11) NOT NULL DEFAULT 0,
  `sts_robot_id` int(11) NOT NULL,
  `adms_usuario_id` int(11) NOT NULL,
  `sts_situacoe_id` int(11) NOT NULL,
  `sts_tps_artigo_id` int(11) NOT NULL,
  `sts_cats_produto_id` int(11) NOT NULL,
  `created` datetime NOT NULL,
  `modified` datetime DEFAULT NULL
) ENGINE=MyISAM DEFAULT CHARSET=utf8 COLLATE=utf8_unicode_ci;

--
-- Extraindo dados da tabela `sts_produtos`
--

INSERT INTO `sts_produtos` (`id`, `nome`, `numero`, `preco`, `imagem`, `slug`, `keywords`, `description`, `author`, `resumo_publico`, `qnt_acesso`, `sts_robot_id`, `adms_usuario_id`, `sts_situacoe_id`, `sts_tps_artigo_id`, `sts_cats_produto_id`, `created`, `modified`) VALUES
(1, 'Sample blog post 1', 'Donec 1 ullamcorper nulla non metus auctor fringilla. Vestibulum id ligula porta felis euismod semper. Praesent commodo cursus magna, vel scelerisque nisl consectetur. Fusce dapibus, tellus ac cursus commodo.', '<p>This blog post shows a few different types of content thats supported and styled with Bootstrap. Basic typography, images, and code are all supported.</p>\n								<hr>\n								<p>Cum sociis natoque penatibus et magnis', 'artigo.jpg', 'sample-blog-post-1', 'artigo, artigo 1, ', 'Descricao do artigo um para seo', 'Celke', '<p>This blog post shows a few different types of content thats supported and styled with Bootstrap. Basic typography, images, and code are all supported.</p>\n                            <hr>\n                            <p>Cum sociis natoque penatibus et magnis <a href=\"#\">dis parturient montes</a>, nascetur ridiculus mus. Aenean eu leo quam. Pellentesque ornare sem lacinia quam venenatis vestibulum. Sed posuere consectetur est at lobortis. Cras mattis consectetur purus sit amet fermentum.</p>', 6, 1, 1, 1, 1, 1, '2018-02-18 00:00:00', NULL),
(2, 'Sample blog post 2', 'Donec 2 ullamcorper nulla non metus auctor fringilla. Vestibulum id ligula porta felis euismod semper. Praesent commodo cursus magna, vel scelerisque nisl consectetur. Fusce dapibus, tellus ac cursus commodo.', '<p>This blog post shows a few different types of content thats supported and styled with Bootstrap. Basic typography, images, and code are all supported.</p>\n								<hr>\n								<p>Cum sociis natoque penatibus et magnis', 'artigo.jpg', 'sample-blog-post-2', 'artigo, artigo 2, ', 'Descricao do artigo dois para seo', 'Celke', '<p>This blog post shows a few different types of content thats supported and styled with Bootstrap. Basic typography, images, and code are all supported.</p>\n                            <hr>\n                            <p>Cum sociis natoque penatibus et magnis <a href=\"#\">dis parturient montes</a>, nascetur ridiculus mus. Aenean eu leo quam. Pellentesque ornare sem lacinia quam venenatis vestibulum. Sed posuere consectetur est at lobortis. Cras mattis consectetur purus sit amet fermentum.</p>', 4, 1, 1, 1, 1, 1, '2018-02-19 00:00:00', NULL),
(3, 'Sample blog post 3', 'Donec 3 ullamcorper nulla non metus auctor fringilla. Vestibulum id ligula porta felis euismod semper. Praesent commodo cursus magna, vel scelerisque nisl consectetur. Fusce dapibus, tellus ac cursus commodo.', '<p>This blog post shows a few different types of content thats supported and styled with Bootstrap. Basic typography, images, and code are all supported.</p>\n								<hr>\n								<p>Cum sociis natoque penatibus et magnis', 'artigo.jpg', 'sample-blog-post-3', 'artigo, artigo 3 ', 'Descricao do artigo tres para seo', 'Celke', '<p>This blog post shows a few different types of content thats supported and styled with Bootstrap. Basic typography, images, and code are all supported.</p>\n                            <hr>\n                            <p>Cum sociis natoque penatibus et magnis <a href=\"#\">dis parturient montes</a>, nascetur ridiculus mus. Aenean eu leo quam. Pellentesque ornare sem lacinia quam venenatis vestibulum. Sed posuere consectetur est at lobortis. Cras mattis consectetur purus sit amet fermentum.</p>', 14, 1, 1, 1, 1, 1, '2018-02-20 00:00:00', NULL),
(4, 'Sample blog post 4 titulo', 'Donec 4 ullamcorper nulla non metus auctor fringilla. Vestibulum id ligula porta felis euismod semper. Praesent commodo cursus magna, vel scelerisque nisl consectetur. Fusce dapibus, tellus ac cursus commodo.', '<p>4This blog post shows a few different types of content thats supported and styled with Bootstrap. Basic typography, images, and code are all supported.</p>\n								<hr>\n								<p>Cum sociis natoque penatibus et magni', 'artigo.jpg', 'sample-blog-post-4', 'artigo, artigo 4 ', 'Descricao do artigo quatro para seo', 'Celke', '<p>This blog post shows a few different types of content thats supported and styled with Bootstrap. Basic typography, images, and code are all supported.</p>\n                            <hr>\n                            <p>Cum sociis natoque penatibus et magnis <a href=\"#\">dis parturient montes</a>, nascetur ridiculus mus. Aenean eu leo quam. Pellentesque ornare sem lacinia quam venenatis vestibulum. Sed posuere consectetur est at lobortis. Cras mattis consectetur purus sit amet fermentum.</p>', 13, 1, 1, 1, 1, 1, '2018-02-21 00:00:00', NULL),
(5, 'Sample blog post 5', 'Donec 5 ullamcorper nulla non metus auctor fringilla. Vestibulum id ligula porta felis euismod semper. Praesent commodo cursus magna, vel scelerisque nisl consectetur. Fusce dapibus, tellus ac cursus commodo.', '<p>This blog post shows a few different types of content thats supported and styled with Bootstrap. Basic typography, images, and code are all supported.</p>								<hr>								<p>Cum sociis natoque penatibus et magnis', 'artigo.jpg', '', '', '', '', '', 1, 0, 0, 1, 1, 8, '2018-02-22 00:00:00', '2021-03-24 23:54:58'),
(6, 'Sample blog post 6', '<p>Donec 6 ullamcorper nulla non metus auctor fringilla. Vestibulum id ligula porta felis euismod semper. Praesent commodo cursus magna, vel scelerisque nisl consectetur. Fusce dapibus, tellus ac cursus commodo.</p>', '<p><strong>This blog post shows a few different types of content thats supported and styled with Bootstrap. Basic typography, images, and code are all supported.</strong></p><p>Cum sociis natoque penatibus et magnis <a h', 'artigo.jpg', '', '', '', '', '', 38, 0, 0, 1, 1, 8, '2018-02-23 00:00:00', '2021-03-24 23:51:44'),
(7, 'Produto 01', '01', '9,50', '', '', '', '', '', '', 0, 0, 0, 1, 1, 1, '2021-03-24 15:50:29', '2021-03-24 23:35:32'),
(8, 'Produto 02', '02', '9,50', '', '', '', '', '', '', 0, 0, 0, 1, 1, 1, '2021-03-24 15:54:15', '2021-03-24 23:33:12'),
(9, 'Produto 03', '03', '9,50', '', '', '', '', '', '', 0, 0, 0, 1, 1, 1, '2021-03-24 18:08:47', '2021-03-25 00:14:44'),
(10, 'Produto 04', 'eee', '9,50', '', '', '', '', '', '', 0, 0, 0, 1, 1, 1, '2021-03-24 18:40:24', '2021-03-25 00:06:13'),
(11, 'Produto 05', 'teste-de-slug', '9,50', '', '', '', '', '', '', 0, 0, 0, 1, 0, 8, '2021-03-24 18:43:22', '2021-03-25 02:10:16');

-- --------------------------------------------------------

--
-- Estrutura da tabela `sts_robots`
--

CREATE TABLE `sts_robots` (
  `id` int(11) NOT NULL,
  `nome` varchar(60) COLLATE utf8_unicode_ci NOT NULL,
  `tipo` varchar(40) COLLATE utf8_unicode_ci NOT NULL,
  `created` datetime NOT NULL,
  `modified` datetime DEFAULT NULL
) ENGINE=MyISAM DEFAULT CHARSET=utf8 COLLATE=utf8_unicode_ci;

--
-- Extraindo dados da tabela `sts_robots`
--

INSERT INTO `sts_robots` (`id`, `nome`, `tipo`, `created`, `modified`) VALUES
(1, 'Indexar a página e seguir os links', 'index,follow', '2018-02-23 00:00:00', NULL),
(2, 'Não indexar a página mas seguir os links', 'noindex,follow', '2018-02-23 00:00:00', NULL),
(3, 'Indexar a página mas não seguir os links', 'index,nofollow', '2018-02-23 00:00:00', NULL),
(4, 'Não indexar a página e nem seguir os links', 'noindex,nofollow', '2018-02-23 00:00:00', NULL),
(5, 'Não exibir a versão em cache da página', 'noarchive', '2018-02-23 00:00:00', NULL);

-- --------------------------------------------------------

--
-- Estrutura da tabela `sts_servicos`
--

CREATE TABLE `sts_servicos` (
  `id` int(11) NOT NULL,
  `titulo` varchar(220) COLLATE utf8_unicode_ci NOT NULL,
  `icone_um` varchar(40) COLLATE utf8_unicode_ci NOT NULL,
  `nome_um` varchar(120) COLLATE utf8_unicode_ci NOT NULL,
  `descricao_um` varchar(220) COLLATE utf8_unicode_ci NOT NULL,
  `icone_dois` varchar(40) COLLATE utf8_unicode_ci NOT NULL,
  `nome_dois` varchar(120) COLLATE utf8_unicode_ci NOT NULL,
  `descricao_dois` varchar(220) COLLATE utf8_unicode_ci NOT NULL,
  `icone_tres` varchar(40) COLLATE utf8_unicode_ci NOT NULL,
  `nome_tres` varchar(120) COLLATE utf8_unicode_ci NOT NULL,
  `descricao_tres` varchar(220) COLLATE utf8_unicode_ci NOT NULL,
  `created` datetime NOT NULL,
  `modified` datetime DEFAULT NULL
) ENGINE=MyISAM DEFAULT CHARSET=utf8 COLLATE=utf8_unicode_ci;

--
-- Extraindo dados da tabela `sts_servicos`
--

INSERT INTO `sts_servicos` (`id`, `titulo`, `icone_um`, `nome_um`, `descricao_um`, `icone_dois`, `nome_dois`, `descricao_dois`, `icone_tres`, `nome_tres`, `descricao_tres`, `created`, `modified`) VALUES
(1, 'Serviços', 'ion-ios-camera-outline', 'Serviços um', 'This is a longer card with supporting text below as a natural lead-in to additional content. This content is a little bit longer.', 'ion-ios-film-outline', 'Serviços dois', 'This card has supporting text below as a natural lead-in to additional content.', 'ion-ios-videocam-outline', 'Serviços tres', 'This is a wider card with supporting text below as a natural lead-in to additional content. This card has even longer content than the first to show that equal height action.', '2018-02-23 00:00:00', '2018-05-17 13:50:47');

-- --------------------------------------------------------

--
-- Estrutura da tabela `sts_situacaos_pgs`
--

CREATE TABLE `sts_situacaos_pgs` (
  `id` int(11) NOT NULL,
  `nome` varchar(40) COLLATE utf8_unicode_ci NOT NULL,
  `sts_cor_id` int(11) NOT NULL,
  `created` datetime NOT NULL,
  `modified` datetime DEFAULT NULL
) ENGINE=MyISAM DEFAULT CHARSET=utf8 COLLATE=utf8_unicode_ci;

--
-- Extraindo dados da tabela `sts_situacaos_pgs`
--

INSERT INTO `sts_situacaos_pgs` (`id`, `nome`, `sts_cor_id`, `created`, `modified`) VALUES
(1, 'Ativo', 3, '2018-05-23 00:00:00', NULL),
(2, 'Inativo', 5, '2018-05-23 00:00:00', NULL),
(3, 'Analise', 1, '2018-05-23 00:00:00', NULL);

-- --------------------------------------------------------

--
-- Estrutura da tabela `sts_situacoes`
--

CREATE TABLE `sts_situacoes` (
  `id` int(11) NOT NULL,
  `nome` varchar(40) COLLATE utf8_unicode_ci NOT NULL,
  `sts_cor_id` int(11) NOT NULL,
  `created` datetime NOT NULL,
  `modified` datetime DEFAULT NULL
) ENGINE=MyISAM DEFAULT CHARSET=utf8 COLLATE=utf8_unicode_ci;

--
-- Extraindo dados da tabela `sts_situacoes`
--

INSERT INTO `sts_situacoes` (`id`, `nome`, `sts_cor_id`, `created`, `modified`) VALUES
(1, 'Ativo', 3, '2018-05-23 00:00:00', NULL),
(2, 'Inativo', 5, '2018-05-23 00:00:00', NULL),
(3, 'Analise', 1, '2018-05-23 00:00:00', NULL);

-- --------------------------------------------------------

--
-- Estrutura da tabela `sts_sobs_emps`
--

CREATE TABLE `sts_sobs_emps` (
  `id` int(11) NOT NULL,
  `titulo` varchar(220) COLLATE utf8_unicode_ci NOT NULL,
  `descricao` text COLLATE utf8_unicode_ci NOT NULL,
  `imagem` varchar(220) COLLATE utf8_unicode_ci NOT NULL,
  `ordem` int(11) NOT NULL,
  `sts_situacoe_id` int(11) NOT NULL,
  `created` datetime NOT NULL,
  `modified` datetime DEFAULT NULL
) ENGINE=MyISAM DEFAULT CHARSET=utf8 COLLATE=utf8_unicode_ci;

--
-- Extraindo dados da tabela `sts_sobs_emps`
--

INSERT INTO `sts_sobs_emps` (`id`, `titulo`, `descricao`, `imagem`, `ordem`, `sts_situacoe_id`, `created`, `modified`) VALUES
(1, 'Sobre empresa um.', 'Donec ullamcorper nulla non metus auctor fringilla. Vestibulum id ligula porta felis euismod semper. Praesent commodo cursus magna, vel scelerisque nisl consectetur. Fusce dapibus, tellus ac cursus commodo.', 'produto.jpg', 1, 1, '2018-02-23 00:00:00', '2018-05-31 18:44:27'),
(2, 'Sobre empresa dois.', 'Descricao sobre empresa 2 Donec ullamcorper nulla non metus auctor fringilla. Vestibulum id ligula porta felis euismod semper. Praesent commodo cursus magna, vel scelerisque nisl consectetur. Fusce dapibus, tellus ac cursus commodo.', 'empresa.jpg', 2, 1, '2018-02-23 00:00:00', '2018-05-31 18:49:37'),
(3, 'Sobre empresa tres.', 'Descricao sobre empresa 3 Donec ullamcorper nulla non metus auctor fringilla. Vestibulum id ligula porta felis euismod semper. Praesent commodo cursus magna, vel scelerisque nisl consectetur. Fusce dapibus, tellus ac cursus commodo.', 'empresa.jpg', 3, 1, '2018-02-23 00:00:00', '2018-05-31 18:49:37'),
(4, 'Sobre empresa quatro.', 'Descricao sobre empresa 4 Donec ullamcorper nulla non metus auctor fringilla. Vestibulum id ligula porta felis euismod semper. Praesent commodo cursus magna, vel scelerisque nisl consectetur. Fusce dapibus, tellus ac cursus commodo.', 'ficcao-cientifica.jpg', 4, 1, '2018-02-23 00:00:00', '2018-05-31 18:49:37');

-- --------------------------------------------------------

--
-- Estrutura da tabela `sts_tps_artigos`
--

CREATE TABLE `sts_tps_artigos` (
  `id` int(11) NOT NULL,
  `nome` varchar(40) COLLATE utf8_unicode_ci NOT NULL,
  `created` datetime NOT NULL,
  `modified` datetime DEFAULT NULL
) ENGINE=MyISAM DEFAULT CHARSET=utf8 COLLATE=utf8_unicode_ci;

--
-- Extraindo dados da tabela `sts_tps_artigos`
--

INSERT INTO `sts_tps_artigos` (`id`, `nome`, `created`, `modified`) VALUES
(1, 'Publico', '2018-02-23 00:00:00', NULL),
(2, 'Privado', '2018-02-23 00:00:00', NULL),
(3, 'Privado com resumo publico', '2018-02-23 00:00:00', NULL);

-- --------------------------------------------------------

--
-- Estrutura da tabela `sts_tps_pgs`
--

CREATE TABLE `sts_tps_pgs` (
  `id` int(11) NOT NULL,
  `tipo` varchar(40) COLLATE utf8_unicode_ci NOT NULL,
  `nome` varchar(120) COLLATE utf8_unicode_ci NOT NULL,
  `obs` text COLLATE utf8_unicode_ci NOT NULL,
  `ordem` int(11) NOT NULL,
  `created` datetime NOT NULL,
  `modified` datetime DEFAULT NULL
) ENGINE=MyISAM DEFAULT CHARSET=utf8 COLLATE=utf8_unicode_ci;

--
-- Extraindo dados da tabela `sts_tps_pgs`
--

INSERT INTO `sts_tps_pgs` (`id`, `tipo`, `nome`, `obs`, `ordem`, `created`, `modified`) VALUES
(1, 'sts', 'Site Principal', 'Core do site principal', 1, '2018-05-23 00:00:00', NULL);

-- --------------------------------------------------------

--
-- Estrutura da tabela `sts_videos`
--

CREATE TABLE `sts_videos` (
  `id` int(11) NOT NULL,
  `titulo` varchar(120) COLLATE utf8_unicode_ci NOT NULL,
  `descricao` varchar(220) COLLATE utf8_unicode_ci NOT NULL,
  `video_um` varchar(220) COLLATE utf8_unicode_ci NOT NULL,
  `video_dois` varchar(220) COLLATE utf8_unicode_ci NOT NULL,
  `video_tres` varchar(220) COLLATE utf8_unicode_ci NOT NULL,
  `created` datetime NOT NULL,
  `modified` datetime DEFAULT NULL
) ENGINE=MyISAM DEFAULT CHARSET=utf8 COLLATE=utf8_unicode_ci;

--
-- Extraindo dados da tabela `sts_videos`
--

INSERT INTO `sts_videos` (`id`, `titulo`, `descricao`, `video_um`, `video_dois`, `video_tres`, `created`, `modified`) VALUES
(1, 'Depoimentos', 'This is a wider card with supporting text below as a natural lead-in to additional content.', '<iframe class=\"embed-responsive-item\" src=\"https://www.youtube.com/embed/JfAgl6CGg2Q?rel=0\" allowfullscreen></iframe>', '<iframe class=\"embed-responsive-item\" src=\"https://www.youtube.com/embed/4tBeeMcw2sM?rel=0\" allowfullscreen></iframe>', '<iframe class=\"embed-responsive-item\" src=\"https://www.youtube.com/embed/i_R6sMRRQ0s?rel=0\" allowfullscreen></iframe>', '2018-02-23 00:00:00', '2018-05-17 16:16:41');

--
-- Índices para tabelas despejadas
--

--
-- Índices para tabela `adms_cads_usuarios`
--
ALTER TABLE `adms_cads_usuarios`
  ADD PRIMARY KEY (`id`);

--
-- Índices para tabela `adms_cors`
--
ALTER TABLE `adms_cors`
  ADD PRIMARY KEY (`id`);

--
-- Índices para tabela `adms_grps_pgs`
--
ALTER TABLE `adms_grps_pgs`
  ADD PRIMARY KEY (`id`);

--
-- Índices para tabela `adms_menus`
--
ALTER TABLE `adms_menus`
  ADD PRIMARY KEY (`id`);

--
-- Índices para tabela `adms_nivacs_pgs`
--
ALTER TABLE `adms_nivacs_pgs`
  ADD PRIMARY KEY (`id`);

--
-- Índices para tabela `adms_niveis_acessos`
--
ALTER TABLE `adms_niveis_acessos`
  ADD PRIMARY KEY (`id`);

--
-- Índices para tabela `adms_paginas`
--
ALTER TABLE `adms_paginas`
  ADD PRIMARY KEY (`id`);

--
-- Índices para tabela `adms_robots`
--
ALTER TABLE `adms_robots`
  ADD PRIMARY KEY (`id`);

--
-- Índices para tabela `adms_sits`
--
ALTER TABLE `adms_sits`
  ADD PRIMARY KEY (`id`);

--
-- Índices para tabela `adms_sits_pgs`
--
ALTER TABLE `adms_sits_pgs`
  ADD PRIMARY KEY (`id`);

--
-- Índices para tabela `adms_sits_usuarios`
--
ALTER TABLE `adms_sits_usuarios`
  ADD PRIMARY KEY (`id`);

--
-- Índices para tabela `adms_tps_pgs`
--
ALTER TABLE `adms_tps_pgs`
  ADD PRIMARY KEY (`id`);

--
-- Índices para tabela `sts_artigos`
--
ALTER TABLE `sts_artigos`
  ADD PRIMARY KEY (`id`);

--
-- Índices para tabela `sts_blogs_sobres`
--
ALTER TABLE `sts_blogs_sobres`
  ADD PRIMARY KEY (`id`);

--
-- Índices para tabela `sts_carousels`
--
ALTER TABLE `sts_carousels`
  ADD PRIMARY KEY (`id`);

--
-- Índices para tabela `sts_cats_artigos`
--
ALTER TABLE `sts_cats_artigos`
  ADD PRIMARY KEY (`id`);

--
-- Índices para tabela `sts_cats_produtos`
--
ALTER TABLE `sts_cats_produtos`
  ADD PRIMARY KEY (`id`);

--
-- Índices para tabela `sts_contatos`
--
ALTER TABLE `sts_contatos`
  ADD PRIMARY KEY (`id`);

--
-- Índices para tabela `sts_cors`
--
ALTER TABLE `sts_cors`
  ADD PRIMARY KEY (`id`);

--
-- Índices para tabela `sts_forms_emails`
--
ALTER TABLE `sts_forms_emails`
  ADD PRIMARY KEY (`id`);

--
-- Índices para tabela `sts_leads`
--
ALTER TABLE `sts_leads`
  ADD PRIMARY KEY (`id`);

--
-- Índices para tabela `sts_paginas`
--
ALTER TABLE `sts_paginas`
  ADD PRIMARY KEY (`id`);

--
-- Índices para tabela `sts_pergs_resps`
--
ALTER TABLE `sts_pergs_resps`
  ADD PRIMARY KEY (`id`);

--
-- Índices para tabela `sts_prods_homes`
--
ALTER TABLE `sts_prods_homes`
  ADD PRIMARY KEY (`id`);

--
-- Índices para tabela `sts_produtos`
--
ALTER TABLE `sts_produtos`
  ADD PRIMARY KEY (`id`);

--
-- Índices para tabela `sts_robots`
--
ALTER TABLE `sts_robots`
  ADD PRIMARY KEY (`id`);

--
-- Índices para tabela `sts_servicos`
--
ALTER TABLE `sts_servicos`
  ADD PRIMARY KEY (`id`);

--
-- Índices para tabela `sts_situacaos_pgs`
--
ALTER TABLE `sts_situacaos_pgs`
  ADD PRIMARY KEY (`id`);

--
-- Índices para tabela `sts_situacoes`
--
ALTER TABLE `sts_situacoes`
  ADD PRIMARY KEY (`id`);

--
-- Índices para tabela `sts_sobs_emps`
--
ALTER TABLE `sts_sobs_emps`
  ADD PRIMARY KEY (`id`);

--
-- Índices para tabela `sts_tps_artigos`
--
ALTER TABLE `sts_tps_artigos`
  ADD PRIMARY KEY (`id`);

--
-- Índices para tabela `sts_tps_pgs`
--
ALTER TABLE `sts_tps_pgs`
  ADD PRIMARY KEY (`id`);

--
-- Índices para tabela `sts_videos`
--
ALTER TABLE `sts_videos`
  ADD PRIMARY KEY (`id`);

--
-- AUTO_INCREMENT de tabelas despejadas
--

--
-- AUTO_INCREMENT de tabela `adms_cads_usuarios`
--
ALTER TABLE `adms_cads_usuarios`
  MODIFY `id` int(11) NOT NULL AUTO_INCREMENT, AUTO_INCREMENT=2;

--
-- AUTO_INCREMENT de tabela `adms_cors`
--
ALTER TABLE `adms_cors`
  MODIFY `id` int(11) NOT NULL AUTO_INCREMENT, AUTO_INCREMENT=9;

--
-- AUTO_INCREMENT de tabela `adms_grps_pgs`
--
ALTER TABLE `adms_grps_pgs`
  MODIFY `id` int(11) NOT NULL AUTO_INCREMENT, AUTO_INCREMENT=8;

--
-- AUTO_INCREMENT de tabela `adms_menus`
--
ALTER TABLE `adms_menus`
  MODIFY `id` int(11) NOT NULL AUTO_INCREMENT, AUTO_INCREMENT=9;

--
-- AUTO_INCREMENT de tabela `adms_nivacs_pgs`
--
ALTER TABLE `adms_nivacs_pgs`
  MODIFY `id` int(11) NOT NULL AUTO_INCREMENT, AUTO_INCREMENT=676;

--
-- AUTO_INCREMENT de tabela `adms_niveis_acessos`
--
ALTER TABLE `adms_niveis_acessos`
  MODIFY `id` int(11) NOT NULL AUTO_INCREMENT, AUTO_INCREMENT=6;

--
-- AUTO_INCREMENT de tabela `adms_paginas`
--
ALTER TABLE `adms_paginas`
  MODIFY `id` int(11) NOT NULL AUTO_INCREMENT, AUTO_INCREMENT=130;

--
-- AUTO_INCREMENT de tabela `adms_robots`
--
ALTER TABLE `adms_robots`
  MODIFY `id` int(11) NOT NULL AUTO_INCREMENT, AUTO_INCREMENT=6;

--
-- AUTO_INCREMENT de tabela `adms_sits`
--
ALTER TABLE `adms_sits`
  MODIFY `id` int(11) NOT NULL AUTO_INCREMENT, AUTO_INCREMENT=4;

--
-- AUTO_INCREMENT de tabela `adms_sits_pgs`
--
ALTER TABLE `adms_sits_pgs`
  MODIFY `id` int(11) NOT NULL AUTO_INCREMENT, AUTO_INCREMENT=4;

--
-- AUTO_INCREMENT de tabela `adms_sits_usuarios`
--
ALTER TABLE `adms_sits_usuarios`
  MODIFY `id` int(11) NOT NULL AUTO_INCREMENT, AUTO_INCREMENT=5;

--
-- AUTO_INCREMENT de tabela `adms_tps_pgs`
--
ALTER TABLE `adms_tps_pgs`
  MODIFY `id` int(11) NOT NULL AUTO_INCREMENT, AUTO_INCREMENT=3;

--
-- AUTO_INCREMENT de tabela `sts_artigos`
--
ALTER TABLE `sts_artigos`
  MODIFY `id` int(11) NOT NULL AUTO_INCREMENT, AUTO_INCREMENT=8;

--
-- AUTO_INCREMENT de tabela `sts_blogs_sobres`
--
ALTER TABLE `sts_blogs_sobres`
  MODIFY `id` int(11) NOT NULL AUTO_INCREMENT, AUTO_INCREMENT=2;

--
-- AUTO_INCREMENT de tabela `sts_carousels`
--
ALTER TABLE `sts_carousels`
  MODIFY `id` int(11) NOT NULL AUTO_INCREMENT, AUTO_INCREMENT=5;

--
-- AUTO_INCREMENT de tabela `sts_cats_artigos`
--
ALTER TABLE `sts_cats_artigos`
  MODIFY `id` int(11) NOT NULL AUTO_INCREMENT, AUTO_INCREMENT=7;

--
-- AUTO_INCREMENT de tabela `sts_cats_produtos`
--
ALTER TABLE `sts_cats_produtos`
  MODIFY `id` int(11) NOT NULL AUTO_INCREMENT, AUTO_INCREMENT=10;

--
-- AUTO_INCREMENT de tabela `sts_contatos`
--
ALTER TABLE `sts_contatos`
  MODIFY `id` int(11) NOT NULL AUTO_INCREMENT, AUTO_INCREMENT=7;

--
-- AUTO_INCREMENT de tabela `sts_cors`
--
ALTER TABLE `sts_cors`
  MODIFY `id` int(11) NOT NULL AUTO_INCREMENT, AUTO_INCREMENT=9;

--
-- AUTO_INCREMENT de tabela `sts_forms_emails`
--
ALTER TABLE `sts_forms_emails`
  MODIFY `id` int(11) NOT NULL AUTO_INCREMENT, AUTO_INCREMENT=2;

--
-- AUTO_INCREMENT de tabela `sts_leads`
--
ALTER TABLE `sts_leads`
  MODIFY `id` int(11) NOT NULL AUTO_INCREMENT, AUTO_INCREMENT=3;

--
-- AUTO_INCREMENT de tabela `sts_paginas`
--
ALTER TABLE `sts_paginas`
  MODIFY `id` int(11) NOT NULL AUTO_INCREMENT, AUTO_INCREMENT=12;

--
-- AUTO_INCREMENT de tabela `sts_pergs_resps`
--
ALTER TABLE `sts_pergs_resps`
  MODIFY `id` int(11) NOT NULL AUTO_INCREMENT, AUTO_INCREMENT=5;

--
-- AUTO_INCREMENT de tabela `sts_prods_homes`
--
ALTER TABLE `sts_prods_homes`
  MODIFY `id` int(11) NOT NULL AUTO_INCREMENT, AUTO_INCREMENT=2;

--
-- AUTO_INCREMENT de tabela `sts_produtos`
--
ALTER TABLE `sts_produtos`
  MODIFY `id` int(11) NOT NULL AUTO_INCREMENT, AUTO_INCREMENT=12;

--
-- AUTO_INCREMENT de tabela `sts_robots`
--
ALTER TABLE `sts_robots`
  MODIFY `id` int(11) NOT NULL AUTO_INCREMENT, AUTO_INCREMENT=6;

--
-- AUTO_INCREMENT de tabela `sts_servicos`
--
ALTER TABLE `sts_servicos`
  MODIFY `id` int(11) NOT NULL AUTO_INCREMENT, AUTO_INCREMENT=2;

--
-- AUTO_INCREMENT de tabela `sts_situacaos_pgs`
--
ALTER TABLE `sts_situacaos_pgs`
  MODIFY `id` int(11) NOT NULL AUTO_INCREMENT, AUTO_INCREMENT=4;

--
-- AUTO_INCREMENT de tabela `sts_situacoes`
--
ALTER TABLE `sts_situacoes`
  MODIFY `id` int(11) NOT NULL AUTO_INCREMENT, AUTO_INCREMENT=4;

--
-- AUTO_INCREMENT de tabela `sts_sobs_emps`
--
ALTER TABLE `sts_sobs_emps`
  MODIFY `id` int(11) NOT NULL AUTO_INCREMENT, AUTO_INCREMENT=7;

--
-- AUTO_INCREMENT de tabela `sts_tps_artigos`
--
ALTER TABLE `sts_tps_artigos`
  MODIFY `id` int(11) NOT NULL AUTO_INCREMENT, AUTO_INCREMENT=4;

--
-- AUTO_INCREMENT de tabela `sts_tps_pgs`
--
ALTER TABLE `sts_tps_pgs`
  MODIFY `id` int(11) NOT NULL AUTO_INCREMENT, AUTO_INCREMENT=2;

--
-- AUTO_INCREMENT de tabela `sts_videos`
--
ALTER TABLE `sts_videos`
  MODIFY `id` int(11) NOT NULL AUTO_INCREMENT, AUTO_INCREMENT=2;
COMMIT;

